{"id":8,"date":"2019-01-10T19:54:24","date_gmt":"2019-01-10T18:54:24","guid":{"rendered":"http:\/\/cfccp.france1900.com\/?page_id=8"},"modified":"2025-12-27T19:14:08","modified_gmt":"2025-12-27T18:14:08","slug":"mot-du-president","status":"publish","type":"page","link":"https:\/\/www.cfccp.net\/index.php\/accueil\/mot-du-president\/","title":{"rendered":"Le Mot du Pr\u00e9sident"},"content":{"rendered":"\n<p><strong><a href=\"http:\/\/www.cfccp.net\/\">\u21d2 RETOUR A L&rsquo;ACCUEIL<\/a><\/strong><\/p>\n\n\n\n<p class=\"has-text-align-center has-primary-color has-quinary-background-color has-text-color has-background\"><strong><span style=\"color:#fa0b07\" class=\"has-inline-color\">Retrouvez ci-dessous les derniers \u00e9ditoriaux parus dans Le Cartophile.<\/span> <\/strong>  <\/p>\n\n\n\n<p class=\"has-text-align-right has-primary-color has-quinary-background-color has-text-color has-background\">Pour consulter les \u00e9ditos ant\u00e9rieurs, <strong><a href=\"http:\/\/www.cfccp.net\/index.php\/editoriaux-archives\/\">ALLEZ ICI<\/a><\/strong>. <\/p>\n\n\n<p><strong>EDITORIAL du 4\u00e8me trimestre 2025 (Le Cartophile n\u00b0 213)<\/strong><\/p>\n<p>Encore une ann\u00e9e qui s&rsquo;ach\u00e8ve avec des impressions contrast\u00e9es: morosit\u00e9 so\u00adciale, incertitudes, voire craintes sur I &lsquo;avenir collectif, mais enthousiasme sou\u00advent pr\u00e9serv\u00e9 au sein des familles, dynamisme du tissu associatif maintenu par les b\u00e9n\u00e9voles et par le monde des collectionneurs. Chaque \u00e9poque a connu ses soucis, parfois terribles et les a surmont\u00e9s; pensons-y en regardant les cartes de nos collections qui nous renvoient \u00e0 des \u00e9poques souvent rudes.<\/p>\n<p>Ce Cartophile vous permettra de juger l&rsquo;\u00e9clectisme de nos auteurs et les nombreuses activit\u00e9 du Cercle. Honneur au symbole de la p\u00e9riode, le sapin, et aux for\u00eats avec I &lsquo;ar\u00adticle de Michel Degrave sur le massif d&rsquo;Olmes; il s&rsquo;y \u00e9tait d\u00e9velopp\u00e9 toute une \u00e9conomie dont les cartes r\u00e9v\u00e8lent la diversit\u00e9. Enjeu de pouvoir au fil de si\u00e8cles, les for\u00eats de France vivent aussi d&rsquo;une exploitation raisonn\u00e9e comme l&rsquo;avaient compris nos anc\u00eatres. Loin des b\u00fbcherons, Michel Toulet nous emm\u00e8ne en ville et nous parle d&rsquo;un petit m\u00e9tier des rues pour les jours froids, celui de vendeur de marrons grill\u00e9s. Une animation \u00e9vocatrice d&rsquo;odeurs et de petits plaisirs simples. Nous accueillons aussi un nouvel auteur, Michel Puaud, qui commence une s\u00e9rie d&rsquo;articles en nous vantant l&rsquo;int\u00e9\u00adr\u00eat des cartes publicitaires, pr\u00e9sentes d\u00e8s I&rsquo; origine de la carte postale.<\/p>\n<p>Nos rubriques sont toujours l\u00e0 : activit\u00e9s de nos adh\u00e9rents, pr\u00e9sence du Cercle sur les salons d&rsquo;\u00cele-de-Franee, curiosit\u00e9s et singularit\u00e9s cartophiles. Nous sommes toujours demandeurs de vos textes et de vos initiatives pour le 60\u00e8me anniversaire qui se profile.<\/p>\n<p>Enfin, vous noterez dans cet envoi un appel \u00e0 renouveler votre cotisation au Cercle, geste simple pour continuer \u00e0 recevoir le Cartophile, pour participer \u00e0 nos dispersions digitales et aussi \u00e0 l&rsquo;assembl\u00e9e g\u00e9n\u00e9rale pr\u00e9vue au printemps 2026. Merci de votre confiance, de votre fid\u00e9lit\u00e9 et de votre encouragement.<\/p>\n<p>Je forme le v\u0153u que la p\u00e9riode des f\u00eates vous soit douce, tout comme I &lsquo;ann\u00e9e qui s&rsquo;ouvre. Fid\u00e8lement.<\/p>\n<p>Jean Larour, pr\u00e9sident du CFCCP<\/p>\n<p>=================================================<\/p>\n<p><strong>EDITORIAL du 3\u00e8me trimestre 2025 (Le Cartophile n\u00b0 212)<\/strong><\/p>\n<p>Les jours d&rsquo;\u00e9t\u00e9 et leur insouciance sont bien loin. Nos auteurs ont pris la plume et ont s\u00e9lectionn\u00e9 des cartes postales pour vous. L&rsquo;\u00e9quipe du Cartophile s&rsquo;est mise au travail pour vous faire profiter de nouveaux articles qui montrent la puissance d&rsquo;\u00e9vocation des cartes. <br \/>Ainsi, Michel Degrave explore les origines de l&rsquo;industrialisation d&rsquo;un aliment re\u00admontant \u00e0 la haute antiquit\u00e9 : le yaourt. C&rsquo;est en France, \u00e0 l&rsquo;Institut Pasteur, que des chercheurs microbiologistes ont isol\u00e9 les bact\u00e9ries \u00e0 l&rsquo;origine du produit dont nous sommes quasiment les plus gros consommateurs au monde. Une galerie d&rsquo;images \u00e9vocatrices pour chacun. <br \/>L&rsquo;alimentation n&rsquo;est pas en reste avec les mar\u00adchand(e)s des quatre saisons que Michel Tou\u00adlet fait revivre : \u00e9tals color\u00e9s et gouaille l\u00e9gen\u00addaire. On en apprend sur la r\u00e9glementation et les types de vente, mais on notera que si le m\u00e9tier a \u00e9volu\u00e9, il n&rsquo;a pas tout \u00e0 fait disparu. <br \/>Pour ma part, je continue la plong\u00e9e dans les mines de schiste angevines en m&rsquo;int\u00e9ressant aux ouvriers et ouvri\u00e8res. Plus g\u00e9n\u00e9ralement j&rsquo;essaie de d\u00e9voiler qu&rsquo;Angers \u00e9tait une ville industrieuse au XXe si\u00e8cle. <br \/>Enfin, Vincent Demarcke nous livre un texte parfois sibyllin&#8230; <br \/>Nos rubriques habituelles vous proposent une carte \u00e0 syst\u00e8me et une autre \u00e0 localiser, un billet d&rsquo;humeur estival et un \u00e9cho de nos actions au service de la carte postale. Je me r\u00e9p\u00e8te, mais 2026 sera l&rsquo;ann\u00e9e des 60 ans du Cercle. Je suis toujours en attente de vos propositions pour c\u00e9l\u00e9brer dignement cette long\u00e9vit\u00e9. <br \/>Bonne rentr\u00e9e ! Nous nous retrouverons sur les salons&#8230;<\/p>\n<p>Jean Larour, pr\u00e9sident du CFCCP<\/p>\n<p>=================================================<\/p>\n<p><strong>EDITORIAL du 2\u00e8me trimestre 2025 (Le Cartophile n\u00b0 211)<\/strong><\/p>\n<p>Les beaux jours sont l\u00e0. C&rsquo;est la p\u00e9riode o\u00f9 certains d&rsquo;entre vous vont changer d&rsquo;air et rejoindre les lieux de vill\u00e9giature. Ceux qui restent en ville pourront profiter d&rsquo;une ambiance plus calme et, esp\u00e9rons-le, pas trop caniculaire. Pour tous, nous avons pr\u00e9par\u00e9 de saines lectures avec ce Cartophile qui met en valeur les m\u00e9tiers.<\/p>\n<p>Michel Toulet nous propose en effet un de ses th\u00e8mes favoris, les m\u00e9tiers d&rsquo;antan d\u00e9crits par les cartes photos. M\u00e9gotiers et autres gagne-petit, r\u00e9mouleurs, matelassiers, enfants ramoneurs, mar\u00adchands d&rsquo;habits, personnages qui animaient nos rues, avaient une vie bien dure. Danielle Lacroix ponctue ce th\u00e8me d&rsquo;analyses et d&rsquo;anecdotes.<\/p>\n<p>Pour ma part je vous emm\u00e8ne dans l&rsquo;Anjou \u00ab bleu \u00bb \u00e0 la d\u00e9couverte des ouvriers de l&rsquo;ardoise, une fili\u00e8re multis\u00e9culaire qui avait certes mut\u00e9 technologiquement mais a vu la ressource mini\u00e8re dispara\u00eetre.<\/p>\n<p>Et les Etats-Unis, me direz-vous ? Michel Degrave ne les a pas oubli\u00e9s avec plusieurs articles notam\u00adment sur l&rsquo;ours en peluche et les toutes premi\u00e8res cartes am\u00e9ricaines.<\/p>\n<p>Nos rubriques habituelles vous tiendront au courant de la vie du Cercle, et aussi de nos actions au service de la carte postale. Comme je l&rsquo;ai dit \u00e0 l&rsquo;assembl\u00e9e g\u00e9n\u00e9rale, 2026 sera l&rsquo;ann\u00e9e des 60 ans du Cercle. Si nous avons d&rsquo;ores et d\u00e9j\u00e0 des pistes, vos propositions d&rsquo;action sont les bienvenues.<\/p>\n<p>Bon \u00e9t\u00e9 ! Courez les salons et retrouvons-nous \u00e0 la rentr\u00e9e&#8230;<\/p>\n<p>Jean Larour, pr\u00e9sident du CFCCP<\/p>\n<p>=================================================<\/p>\n<p><strong>EDITORIAL du 1er trimestre 2025 (Le Cartophile n\u00b0 210)<\/strong><\/p>\n<p>Le num\u00e9ro que vous avez en main est exceptionnel \u00e0 plusieurs titres. Les vice-pr\u00e9sidents du Cercle ont pris la plume pour vous gratifier de deux articles longs que nous avons pr\u00e9f\u00e9r\u00e9 ne pas fractionner. Vous verrez aussi que la couleur a gagn\u00e9 pratiquement toutes les pages. Nos rubriques courtes ne sont pas tout \u00e0 fait oubli\u00e9es avec Alain Baudens qui nous \u00ab\u00a0\u00e9claire\u00a0\u00bb sur une activit\u00e9 industrielle du 15<sup>\u00e8me<\/sup> \u00e0 Paris.<\/p>\n<p>Et alors, me direz-vous, o\u00f9 sont les belles CPA en noir et blanc de Michel Toulet\u00a0? Pour son article consacr\u00e9 \u00e0 la vie militaire avant 1914, il a d\u00e9nich\u00e9 une palette de vues color\u00e9es allant de la conscription aux corv\u00e9es, aux man\u0153uvres ou au d\u00e9compte avant la quille. \u00c0 une \u00e9poque o\u00f9 les fr\u00e9quentations ne d\u00e9passaient gu\u00e8re les limites du canton, le service militaire \u00e9tait une opportunit\u00e9 de \u00ab\u00a0voir du pays\u00a0\u00bb et de se former \u00e0 de nouvelles comp\u00e9tences. M\u00eame si les sc\u00e8nes de casernes sont g\u00e9n\u00e9ralement pos\u00e9es, ce sont ces instants un peu insouciants qui resteront dans les m\u00e9moires quand du temps aura pass\u00e9. Mais pensons aussi aux destins de ces jeunes hommes qui seront bient\u00f4t embarqu\u00e9s dan le premier conflit mondial.<\/p>\n<p>Dans les <em>Cartophile <\/em>202 et 203, Michel Degrave nous avait appris comment les rudes gaucho des pampa sud-am\u00e9ricaines avaient fourni des entreprises (parfois fond\u00e9es par des Fran\u00e7ais) alimentant le monde en viandes congel\u00e9es et bo\u00eetes de <em>corned beef <\/em>Avec le pr\u00e9sent article consacr\u00e9 \u00e0 l\u2019industrie de la viande \u00e0 Chicago (USA), il nous d\u00e9taille toutes les sagas qui, de la guerre de S\u00e9cession jusqu\u2019aux ann\u00e9es 1920, ont b\u00e2ti un quadrillage du pays en s\u2019appuyant sur l\u2019essor du train et la rationalisation du travail.<\/p>\n<p>Le <em>Cartophile <\/em>de juin vous rendra compte de l\u2019Assembl\u00e9e g\u00e9n\u00e9rale 2025. N\u2019oubliez pas d\u2019envoyer vos articles et les \u00e9chos de vos manifestations \u00e0 la R\u00e9daction.<\/p>\n<p>Bonne lecture\u00a0!<\/p>\n<p>Jean Larour, pr\u00e9sident du CFCCP<\/p>\n<div>\u00a0<\/div>\n\n\n<p class=\"has-quinary-background-color has-background\">Pour consulter les \u00e9ditos ant\u00e9rieurs, <strong><a href=\"http:\/\/www.cfccp.net\/index.php\/editoriaux-archives\/\" target=\"_blank\" rel=\"noreferrer noopener\">ALLEZ ICI<\/a><\/strong>.<\/p>\n\n\n\n<p><strong><a href=\"http:\/\/www.cfccp.net\/\">\u21d2 RETOUR A L&rsquo;ACCUEIL<\/a><\/strong><\/p>\n","protected":false},"excerpt":{"rendered":"<p>\u21d2 RETOUR A L&rsquo;ACCUEIL Retrouvez ci-dessous les derniers \u00e9ditoriaux parus dans Le Cartophile. Pour consulter les \u00e9ditos ant\u00e9rieurs, ALLEZ ICI.&hellip;<\/p>\n","protected":false},"author":1,"featured_media":1474,"parent":7,"menu_order":1,"comment_status":"closed","ping_status":"closed","template":"","meta":[],"_links":{"self":[{"href":"https:\/\/www.cfccp.net\/index.php\/wp-json\/wp\/v2\/pages\/8"}],"collection":[{"href":"https:\/\/www.cfccp.net\/index.php\/wp-json\/wp\/v2\/pages"}],"about":[{"href":"https:\/\/www.cfccp.net\/index.php\/wp-json\/wp\/v2\/types\/page"}],"author":[{"embeddable":true,"href":"https:\/\/www.cfccp.net\/index.php\/wp-json\/wp\/v2\/users\/1"}],"replies":[{"embeddable":true,"href":"https:\/\/www.cfccp.net\/index.php\/wp-json\/wp\/v2\/comments?post=8"}],"version-history":[{"count":70,"href":"https:\/\/www.cfccp.net\/index.php\/wp-json\/wp\/v2\/pages\/8\/revisions"}],"predecessor-version":[{"id":4252,"href":"https:\/\/www.cfccp.net\/index.php\/wp-json\/wp\/v2\/pages\/8\/revisions\/4252"}],"up":[{"embeddable":true,"href":"https:\/\/www.cfccp.net\/index.php\/wp-json\/wp\/v2\/pages\/7"}],"wp:featuredmedia":[{"embeddable":true,"href":"https:\/\/www.cfccp.net\/index.php\/wp-json\/wp\/v2\/media\/1474"}],"wp:attachment":[{"href":"https:\/\/www.cfccp.net\/index.php\/wp-json\/wp\/v2\/media?parent=8"}],"curies":[{"name":"wp","href":"https:\/\/api.w.org\/{rel}","templated":true}]}}

Le Mot du Président

<p><strong><a href="http://www.cfccp.net/">⇒ RETOUR A L&rsquo;ACCUEIL</a></strong></p>



<p class="has-text-align-center has-primary-color has-quinary-background-color has-text-color has-background"><strong><span style="color:#fa0b07" class="has-inline-color">Retrouvez ci-dessous les derniers éditoriaux parus dans Le Cartophile.</span> </strong>  </p>



<p class="has-text-align-right has-primary-color has-quinary-background-color has-text-color has-background">Pour consulter les éditos antérieurs, <strong><a href="http://www.cfccp.net/index.php/editoriaux-archives/">ALLEZ ICI</a></strong>. </p>


<p><strong>EDITORIAL du 4ème trimestre 2025 (Le Cartophile n° 213)</strong></p>
<p>Encore une année qui s&rsquo;achève avec des impressions contrastées: morosité so­ciale, incertitudes, voire craintes sur I &lsquo;avenir collectif, mais enthousiasme sou­vent préservé au sein des familles, dynamisme du tissu associatif maintenu par les bénévoles et par le monde des collectionneurs. Chaque époque a connu ses soucis, parfois terribles et les a surmontés; pensons-y en regardant les cartes de nos collections qui nous renvoient à des époques souvent rudes.</p>
<p>Ce Cartophile vous permettra de juger l&rsquo;éclectisme de nos auteurs et les nombreuses activité du Cercle. Honneur au symbole de la période, le sapin, et aux forêts avec I &lsquo;ar­ticle de Michel Degrave sur le massif d&rsquo;Olmes; il s&rsquo;y était développé toute une économie dont les cartes révèlent la diversité. Enjeu de pouvoir au fil de siècles, les forêts de France vivent aussi d&rsquo;une exploitation raisonnée comme l&rsquo;avaient compris nos ancêtres. Loin des bûcherons, Michel Toulet nous emmène en ville et nous parle d&rsquo;un petit métier des rues pour les jours froids, celui de vendeur de marrons grillés. Une animation évocatrice d&rsquo;odeurs et de petits plaisirs simples. Nous accueillons aussi un nouvel auteur, Michel Puaud, qui commence une série d&rsquo;articles en nous vantant l&rsquo;inté­rêt des cartes publicitaires, présentes dès I&rsquo; origine de la carte postale.</p>
<p>Nos rubriques sont toujours là : activités de nos adhérents, présence du Cercle sur les salons d&rsquo;Île-de-Franee, curiosités et singularités cartophiles. Nous sommes toujours demandeurs de vos textes et de vos initiatives pour le 60ème anniversaire qui se profile.</p>
<p>Enfin, vous noterez dans cet envoi un appel à renouveler votre cotisation au Cercle, geste simple pour continuer à recevoir le Cartophile, pour participer à nos dispersions digitales et aussi à l&rsquo;assemblée générale prévue au printemps 2026. Merci de votre confiance, de votre fidélité et de votre encouragement.</p>
<p>Je forme le vœu que la période des fêtes vous soit douce, tout comme I &lsquo;année qui s&rsquo;ouvre. Fidèlement.</p>
<p>Jean Larour, président du CFCCP</p>
<p>=================================================</p>
<p><strong>EDITORIAL du 3ème trimestre 2025 (Le Cartophile n° 212)</strong></p>
<p>Les jours d&rsquo;été et leur insouciance sont bien loin. Nos auteurs ont pris la plume et ont sélectionné des cartes postales pour vous. L&rsquo;équipe du Cartophile s&rsquo;est mise au travail pour vous faire profiter de nouveaux articles qui montrent la puissance d&rsquo;évocation des cartes. <br />Ainsi, Michel Degrave explore les origines de l&rsquo;industrialisation d&rsquo;un aliment re­montant à la haute antiquité : le yaourt. C&rsquo;est en France, à l&rsquo;Institut Pasteur, que des chercheurs microbiologistes ont isolé les bactéries à l&rsquo;origine du produit dont nous sommes quasiment les plus gros consommateurs au monde. Une galerie d&rsquo;images évocatrices pour chacun. <br />L&rsquo;alimentation n&rsquo;est pas en reste avec les mar­chand(e)s des quatre saisons que Michel Tou­let fait revivre : étals colorés et gouaille légen­daire. On en apprend sur la réglementation et les types de vente, mais on notera que si le métier a évolué, il n&rsquo;a pas tout à fait disparu. <br />Pour ma part, je continue la plongée dans les mines de schiste angevines en m&rsquo;intéressant aux ouvriers et ouvrières. Plus généralement j&rsquo;essaie de dévoiler qu&rsquo;Angers était une ville industrieuse au XXe siècle. <br />Enfin, Vincent Demarcke nous livre un texte parfois sibyllin&#8230; <br />Nos rubriques habituelles vous proposent une carte à système et une autre à localiser, un billet d&rsquo;humeur estival et un écho de nos actions au service de la carte postale. Je me répète, mais 2026 sera l&rsquo;année des 60 ans du Cercle. Je suis toujours en attente de vos propositions pour célébrer dignement cette longévité. <br />Bonne rentrée ! Nous nous retrouverons sur les salons&#8230;</p>
<p>Jean Larour, président du CFCCP</p>
<p>=================================================</p>
<p><strong>EDITORIAL du 2ème trimestre 2025 (Le Cartophile n° 211)</strong></p>
<p>Les beaux jours sont là. C&rsquo;est la période où certains d&rsquo;entre vous vont changer d&rsquo;air et rejoindre les lieux de villégiature. Ceux qui restent en ville pourront profiter d&rsquo;une ambiance plus calme et, espérons-le, pas trop caniculaire. Pour tous, nous avons préparé de saines lectures avec ce Cartophile qui met en valeur les métiers.</p>
<p>Michel Toulet nous propose en effet un de ses thèmes favoris, les métiers d&rsquo;antan décrits par les cartes photos. Mégotiers et autres gagne-petit, rémouleurs, matelassiers, enfants ramoneurs, mar­chands d&rsquo;habits, personnages qui animaient nos rues, avaient une vie bien dure. Danielle Lacroix ponctue ce thème d&rsquo;analyses et d&rsquo;anecdotes.</p>
<p>Pour ma part je vous emmène dans l&rsquo;Anjou « bleu » à la découverte des ouvriers de l&rsquo;ardoise, une filière multiséculaire qui avait certes muté technologiquement mais a vu la ressource minière disparaître.</p>
<p>Et les Etats-Unis, me direz-vous ? Michel Degrave ne les a pas oubliés avec plusieurs articles notam­ment sur l&rsquo;ours en peluche et les toutes premières cartes américaines.</p>
<p>Nos rubriques habituelles vous tiendront au courant de la vie du Cercle, et aussi de nos actions au service de la carte postale. Comme je l&rsquo;ai dit à l&rsquo;assemblée générale, 2026 sera l&rsquo;année des 60 ans du Cercle. Si nous avons d&rsquo;ores et déjà des pistes, vos propositions d&rsquo;action sont les bienvenues.</p>
<p>Bon été ! Courez les salons et retrouvons-nous à la rentrée&#8230;</p>
<p>Jean Larour, président du CFCCP</p>
<p>=================================================</p>
<p><strong>EDITORIAL du 1er trimestre 2025 (Le Cartophile n° 210)</strong></p>
<p>Le numéro que vous avez en main est exceptionnel à plusieurs titres. Les vice-présidents du Cercle ont pris la plume pour vous gratifier de deux articles longs que nous avons préféré ne pas fractionner. Vous verrez aussi que la couleur a gagné pratiquement toutes les pages. Nos rubriques courtes ne sont pas tout à fait oubliées avec Alain Baudens qui nous « éclaire » sur une activité industrielle du 15<sup>ème</sup> à Paris.</p>
<p>Et alors, me direz-vous, où sont les belles CPA en noir et blanc de Michel Toulet ? Pour son article consacré à la vie militaire avant 1914, il a déniché une palette de vues colorées allant de la conscription aux corvées, aux manœuvres ou au décompte avant la quille. À une époque où les fréquentations ne dépassaient guère les limites du canton, le service militaire était une opportunité de « voir du pays » et de se former à de nouvelles compétences. Même si les scènes de casernes sont généralement posées, ce sont ces instants un peu insouciants qui resteront dans les mémoires quand du temps aura passé. Mais pensons aussi aux destins de ces jeunes hommes qui seront bientôt embarqués dan le premier conflit mondial.</p>
<p>Dans les <em>Cartophile </em>202 et 203, Michel Degrave nous avait appris comment les rudes gaucho des pampa sud-américaines avaient fourni des entreprises (parfois fondées par des Français) alimentant le monde en viandes congelées et boîtes de <em>corned beef </em>Avec le présent article consacré à l’industrie de la viande à Chicago (USA), il nous détaille toutes les sagas qui, de la guerre de Sécession jusqu’aux années 1920, ont bâti un quadrillage du pays en s’appuyant sur l’essor du train et la rationalisation du travail.</p>
<p>Le <em>Cartophile </em>de juin vous rendra compte de l’Assemblée générale 2025. N’oubliez pas d’envoyer vos articles et les échos de vos manifestations à la Rédaction.</p>
<p>Bonne lecture !</p>
<p>Jean Larour, président du CFCCP</p>
<div> </div>


<p class="has-quinary-background-color has-background">Pour consulter les éditos antérieurs, <strong><a href="http://www.cfccp.net/index.php/editoriaux-archives/" target="_blank" rel="noreferrer noopener">ALLEZ ICI</a></strong>.</p>



<p><strong><a href="http://www.cfccp.net/">⇒ RETOUR A L&rsquo;ACCUEIL</a></strong></p>

<p>⇒ RETOUR A L&rsquo;ACCUEIL Retrouvez ci-dessous les derniers éditoriaux parus dans Le Cartophile. Pour consulter les éditos antérieurs, ALLEZ ICI.&hellip;</p>
