{"id":717,"date":"2020-01-13T15:23:05","date_gmt":"2020-01-13T14:23:05","guid":{"rendered":"http:\/\/www.cfccp.net\/?page_id=717"},"modified":"2020-02-04T00:25:48","modified_gmt":"2020-02-03T23:25:48","slug":"le-cinquantenaire","status":"publish","type":"page","link":"https:\/\/www.cfccp.net\/index.php\/archives\/le-cinquantenaire\/","title":{"rendered":"Le Cinquantenaire"},"content":{"rendered":"\n<p><strong><em><a href=\"http:\/\/www.cfccp.net\/index.php\/archives\/\">&lt;= RETOUR AUX ARCHIVES<\/a><\/em><\/strong><\/p>\n\n\n<h1>Le 50\u00e8me anniversaire du Cercle<\/h1>\n<p>Le CFCCP a \u00e9t\u00e9 cr\u00e9\u00e9 en 1966 et nous avons f\u00eat\u00e9 en 2016 notre cinquanti\u00e8me anniversaire. Pour cet \u00e9v\u00e8nement exceptionnel, le conseil d&rsquo;administration du Cercle, aid\u00e9 par de nombreux adh\u00e9rents, a beaucoup travaill\u00e9 pour vous pr\u00e9senter les six \u00e9v\u00eanements suivants.<\/p>\n<h2>I &#8211; Le num\u00e9ro 173 du Cartophile<\/h2>\n<p>Le Cartophile n\u00b0173, sp\u00e9cial Cinquantenaire a re\u00e7u un accueil chaleureux, et de nombreux messages d\u2019encouragement et de f\u00e9licitations, d\u2019abord de la part de nos adh\u00e9rents. A l\u2019occasion des v\u0153ux de nouvel an ou du renouvellement de leur adh\u00e9sion, ceux-ci en ont tous profit\u00e9 pour manifest\u00e9 leur plaisir de d\u00e9couvrir ce num\u00e9ro, \u00ab petit bijou sp\u00e9cial \u00bb, selon un adh\u00e9rent.. Ils ont particuli\u00e8rement aim\u00e9 les \u00ab 50 coups de c\u0153ur \u00bb qui leur ont fait \u00ab appr\u00e9cier des cartes belles, rares, ou \u00e9mouvantes \u00bb et ils ont aim\u00e9 l\u2019alternance \u00ab d\u2019informations et de r\u00e9flexions sur la carte postale avec des t\u00e9moignages tr\u00e8s vivants \u00bb. Certains ont \u00e9galement soulign\u00e9 la qualit\u00e9 de l\u2019impression et la place accord\u00e9e aux pages en couleur.<\/p>\n<p>De nombreux articles sont cit\u00e9s, comme celui de Christian Buzillat, Marc Combier, Marc-Henri Louvel, ou l\u2019interview de Roxane Debuisson, etc.<\/p>\n<p>CP Magazine a m\u00eame \u00e9crit dans son n\u00b0 21 que \u00ab le Cercle a r\u00e9alis\u00e9 un petit chef-d\u2019\u0153uvre qui restera un instantan\u00e9 d\u2019une \u00e9poque permettant de la comprendre comme de se projeter dans le ciel cartophile \u00bb ! Et que c\u2019\u00e9tait \u00ab ce qui s\u2019\u00e9tait fait de mieux en 2015 en terme de bulletin de club \u00bb.<\/p>\n<p>Bien entendu, cela encourage toute l\u2019\u00e9quipe \u00e0 continuer \u00e0 am\u00e9liorer notre revue tant dans la qualit\u00e9 de ses articles que dans la pr\u00e9sentation de cartes originales, et ainsi \u00e0 favoriser la p\u00e9rennit\u00e9 de la collection des cartes.<\/p>\n<p><b> La fiche annonce du num\u00e9ro 173<\/b><\/p>\n<center><img src=\"http:\/\/www.cfccp.com\/cfccp-50anniv\/cfccp-50anniv-anonce-mod.jpg\" \/><\/center>\n<p>\u00a0<\/p>\n<p><b> La couverture du num\u00e9ro 173 du cartophile<\/b><\/p>\n<center><img src=\"http:\/\/www.cfccp.com\/cfccp-50anniv\/cfccp-50anniv-cartophile173\/cfccp-cartophile173\/cfccp-cartophile173-mod\/modcfccpcarto173couvext.jpg\" \/><\/center>\n<p>\u00a0<\/p>\n<ul>\n<li><a href=\"http:\/\/www.cfccp.com\/cfccp2016-carto.php\">Le sommaire du cartophile 173<\/a><\/li>\n<\/ul>\n<h2>II &#8211; Les cartes postales du 50\u00e8 anniversaire<\/h2>\n<p>Parall\u00e8lement ont \u00e9t\u00e9 distribu\u00e9s \u00e0 tous nos adh\u00e9rents, une carte officielle d&rsquo;apr\u00e8s une cr\u00e9ation originale sign\u00e9e ZACOT, tir\u00e9e \u00e0 600 exemplaires et une carte pirate \u00e0 tirage limit\u00e9 sign\u00e9e Jean-Luc PANOUILLOT. Un puzzle de 4 cartes tir\u00e9 \u00e0 600 exemplaires, une cr\u00e9ation originale de ZACOT reprend les th\u00e8mes de la carte officielle. Le puzzle est vendu pour un prix de 5 euros + port \u00e9ventuel. Vous pourrez l&rsquo;acqu\u00e9rir aupr\u00e8s de Mich\u00e8le DEBARBOUILLE 16 rue des Annelets 75019 Paris T\u00e9l. : 01 42 38 06 32. le r\u00e9glement est par ch\u00e8que au nom du CFCCP.<\/p>\n<ul>\n<li><a href=\"http:\/\/www.cfccp.com\/cfccp2016-cartes.php\">Les cartes du 50\u00e8 anniversaire<\/a><\/li>\n<\/ul>\n<h2>III &#8211; L&rsquo;exposition \u00e0 la Mairie du XV\u00e8<\/h2>\n<p>Une grande exposition a \u00e9t\u00e9 organis\u00e9e \u00e0 la Mairie du 15\u00e8, situ\u00e9e dans le hall d&rsquo;accueil , du 14 au 19 mars 2016 et intitul\u00e9e \u00ab\u00a0LA CELEBRITE DU XV\u00e8 \u00e0 travers la carte postale\u00a0\u00bb. Nous remercions tous les adh\u00e9rents qui ont particip\u00e9 \u00e0 la cr\u00e9ation de cette exposition et en particulier Marie PIERDAIT-FILLIE qui a assur\u00e9e la coordination de cette activit\u00e9.<\/p>\n<p><b> L&rsquo;affiche de l&rsquo;exposition<\/b><\/p>\n<center><img src=\"http:\/\/www.cfccp.com\/cfccp-50anniv\/cfccp-50anniv-expomairie15\/cfccp-modafficheexpo201603\/cfccpmodexpo201603-affiche2.jpg\" \/><\/center>\n<p>\u00a0<\/p>\n<ul>\n<li><a href=\"http:\/\/www.cfccp.com\/cfccp2016-expo-mairie15.php\">Le texte et les photos de l&rsquo;exposition<\/a><\/li>\n<\/ul>\n<h2>IV &#8211; La journ\u00e9e de la carte postale \u00e0 Brassens<\/h2>\n<p>Le jeudi 5 mai 2016, de 9h \u00e0 18h, au parc Brassens, rue Brancion, le jour de l&rsquo;Ascension, traditionnelle journ\u00e9e de la carte postale du CFCCP avec 28 exposants.<\/p>\n<p><b> L&rsquo;affiche de l&rsquo;exposition<\/b><\/p>\n<center><img src=\"http:\/\/www.cfccp.com\/cfccp-50anniv\/cfccp-50anniv-brassens\/modcfccp-50anniv-affichebrassens.jpg\" \/><\/center>\n<p>\u00a0<\/p>\n<ul>\n<li><a href=\"http:\/\/www.cfccp.com\/cfccp2016-bourse.php\">La journ\u00e9e de la carte postale<\/a><\/li>\n<\/ul>\n<h2>V &#8211; Exposition au mus\u00e9e de la carte postale \u00e0 Antibes pendant l&rsquo;\u00e9t\u00e9 2016<\/h2>\n<p>Notre fid\u00e8le adh\u00e9rent Christian DEFLANDRE, a organis\u00e9 une exposition au Mus\u00e9e de la carte Postale, 4 avenue Tornelli \u00e0 Antibes, sur les 50 ans du CFCCP.<\/p>\n<ul>\n<li><a href=\"http:\/\/www.cfccp.com\/cfccp2016-expo-antibes.php\">expo Antibes<\/a><\/li>\n<\/ul>\n<h2>VI &#8211; Le grand repas festif<\/h2>\n<p>Samedi 24 septembre 2016, d\u00e9jeuner croisi\u00e8re sur la Seine.<\/p>\n<ul>\n<li><a href=\"http:\/\/www.cfccp.com\/cfccp2016-banquet.php\">Le repas festif du CFCCP<\/a><\/li>\n<\/ul>\n\n\n<p><strong><em><a href=\"http:\/\/www.cfccp.net\/index.php\/archives\/\">&lt;= RETOUR AUX ARCHIVES<\/a><\/em><\/strong><\/p>\n","protected":false},"excerpt":{"rendered":"<p>&lt;= RETOUR AUX ARCHIVES Le 50\u00e8me anniversaire du Cercle Le CFCCP a \u00e9t\u00e9 cr\u00e9\u00e9 en 1966 et nous avons f\u00eat\u00e9&hellip;<\/p>\n","protected":false},"author":4,"featured_media":0,"parent":190,"menu_order":5,"comment_status":"closed","ping_status":"closed","template":"","meta":[],"_links":{"self":[{"href":"https:\/\/www.cfccp.net\/index.php\/wp-json\/wp\/v2\/pages\/717"}],"collection":[{"href":"https:\/\/www.cfccp.net\/index.php\/wp-json\/wp\/v2\/pages"}],"about":[{"href":"https:\/\/www.cfccp.net\/index.php\/wp-json\/wp\/v2\/types\/page"}],"author":[{"embeddable":true,"href":"https:\/\/www.cfccp.net\/index.php\/wp-json\/wp\/v2\/users\/4"}],"replies":[{"embeddable":true,"href":"https:\/\/www.cfccp.net\/index.php\/wp-json\/wp\/v2\/comments?post=717"}],"version-history":[{"count":3,"href":"https:\/\/www.cfccp.net\/index.php\/wp-json\/wp\/v2\/pages\/717\/revisions"}],"predecessor-version":[{"id":1095,"href":"https:\/\/www.cfccp.net\/index.php\/wp-json\/wp\/v2\/pages\/717\/revisions\/1095"}],"up":[{"embeddable":true,"href":"https:\/\/www.cfccp.net\/index.php\/wp-json\/wp\/v2\/pages\/190"}],"wp:attachment":[{"href":"https:\/\/www.cfccp.net\/index.php\/wp-json\/wp\/v2\/media?parent=717"}],"curies":[{"name":"wp","href":"https:\/\/api.w.org\/{rel}","templated":true}]}}

<p><strong><em><a href="http://www.cfccp.net/index.php/archives/">&lt;= RETOUR AUX ARCHIVES</a></em></strong></p>


<h1>Le 50ème anniversaire du Cercle</h1>
<p>Le CFCCP a été créé en 1966 et nous avons fêté en 2016 notre cinquantième anniversaire. Pour cet évènement exceptionnel, le conseil d&rsquo;administration du Cercle, aidé par de nombreux adhérents, a beaucoup travaillé pour vous présenter les six évênements suivants.</p>
<h2>I &#8211; Le numéro 173 du Cartophile</h2>
<p>Le Cartophile n°173, spécial Cinquantenaire a reçu un accueil chaleureux, et de nombreux messages d’encouragement et de félicitations, d’abord de la part de nos adhérents. A l’occasion des vœux de nouvel an ou du renouvellement de leur adhésion, ceux-ci en ont tous profité pour manifesté leur plaisir de découvrir ce numéro, « petit bijou spécial », selon un adhérent.. Ils ont particulièrement aimé les « 50 coups de cœur » qui leur ont fait « apprécier des cartes belles, rares, ou émouvantes » et ils ont aimé l’alternance « d’informations et de réflexions sur la carte postale avec des témoignages très vivants ». Certains ont également souligné la qualité de l’impression et la place accordée aux pages en couleur.</p>
<p>De nombreux articles sont cités, comme celui de Christian Buzillat, Marc Combier, Marc-Henri Louvel, ou l’interview de Roxane Debuisson, etc.</p>
<p>CP Magazine a même écrit dans son n° 21 que « le Cercle a réalisé un petit chef-d’œuvre qui restera un instantané d’une époque permettant de la comprendre comme de se projeter dans le ciel cartophile » ! Et que c’était « ce qui s’était fait de mieux en 2015 en terme de bulletin de club ».</p>
<p>Bien entendu, cela encourage toute l’équipe à continuer à améliorer notre revue tant dans la qualité de ses articles que dans la présentation de cartes originales, et ainsi à favoriser la pérennité de la collection des cartes.</p>
<p><b> La fiche annonce du numéro 173</b></p>
<center><img src="http://www.cfccp.com/cfccp-50anniv/cfccp-50anniv-anonce-mod.jpg" /></center>
<p> </p>
<p><b> La couverture du numéro 173 du cartophile</b></p>
<center><img src="http://www.cfccp.com/cfccp-50anniv/cfccp-50anniv-cartophile173/cfccp-cartophile173/cfccp-cartophile173-mod/modcfccpcarto173couvext.jpg" /></center>
<p> </p>
<ul>
<li><a href="http://www.cfccp.com/cfccp2016-carto.php">Le sommaire du cartophile 173</a></li>
</ul>
<h2>II &#8211; Les cartes postales du 50è anniversaire</h2>
<p>Parallèlement ont été distribués à tous nos adhérents, une carte officielle d&rsquo;après une création originale signée ZACOT, tirée à 600 exemplaires et une carte pirate à tirage limité signée Jean-Luc PANOUILLOT. Un puzzle de 4 cartes tiré à 600 exemplaires, une création originale de ZACOT reprend les thèmes de la carte officielle. Le puzzle est vendu pour un prix de 5 euros + port éventuel. Vous pourrez l&rsquo;acquérir auprès de Michèle DEBARBOUILLE 16 rue des Annelets 75019 Paris Tél. : 01 42 38 06 32. le réglement est par chèque au nom du CFCCP.</p>
<ul>
<li><a href="http://www.cfccp.com/cfccp2016-cartes.php">Les cartes du 50è anniversaire</a></li>
</ul>
<h2>III &#8211; L&rsquo;exposition à la Mairie du XVè</h2>
<p>Une grande exposition a été organisée à la Mairie du 15è, située dans le hall d&rsquo;accueil , du 14 au 19 mars 2016 et intitulée « LA CELEBRITE DU XVè à travers la carte postale ». Nous remercions tous les adhérents qui ont participé à la création de cette exposition et en particulier Marie PIERDAIT-FILLIE qui a assurée la coordination de cette activité.</p>
<p><b> L&rsquo;affiche de l&rsquo;exposition</b></p>
<center><img src="http://www.cfccp.com/cfccp-50anniv/cfccp-50anniv-expomairie15/cfccp-modafficheexpo201603/cfccpmodexpo201603-affiche2.jpg" /></center>
<p> </p>
<ul>
<li><a href="http://www.cfccp.com/cfccp2016-expo-mairie15.php">Le texte et les photos de l&rsquo;exposition</a></li>
</ul>
<h2>IV &#8211; La journée de la carte postale à Brassens</h2>
<p>Le jeudi 5 mai 2016, de 9h à 18h, au parc Brassens, rue Brancion, le jour de l&rsquo;Ascension, traditionnelle journée de la carte postale du CFCCP avec 28 exposants.</p>
<p><b> L&rsquo;affiche de l&rsquo;exposition</b></p>
<center><img src="http://www.cfccp.com/cfccp-50anniv/cfccp-50anniv-brassens/modcfccp-50anniv-affichebrassens.jpg" /></center>
<p> </p>
<ul>
<li><a href="http://www.cfccp.com/cfccp2016-bourse.php">La journée de la carte postale</a></li>
</ul>
<h2>V &#8211; Exposition au musée de la carte postale à Antibes pendant l&rsquo;été 2016</h2>
<p>Notre fidèle adhérent Christian DEFLANDRE, a organisé une exposition au Musée de la carte Postale, 4 avenue Tornelli à Antibes, sur les 50 ans du CFCCP.</p>
<ul>
<li><a href="http://www.cfccp.com/cfccp2016-expo-antibes.php">expo Antibes</a></li>
</ul>
<h2>VI &#8211; Le grand repas festif</h2>
<p>Samedi 24 septembre 2016, déjeuner croisière sur la Seine.</p>
<ul>
<li><a href="http://www.cfccp.com/cfccp2016-banquet.php">Le repas festif du CFCCP</a></li>
</ul>


<p><strong><em><a href="http://www.cfccp.net/index.php/archives/">&lt;= RETOUR AUX ARCHIVES</a></em></strong></p>

<p>&lt;= RETOUR AUX ARCHIVES Le 50ème anniversaire du Cercle Le CFCCP a été créé en 1966 et nous avons fêté&hellip;</p>
