{"id":713,"date":"2020-01-13T14:12:48","date_gmt":"2020-01-13T13:12:48","guid":{"rendered":"http:\/\/www.cfccp.net\/?page_id=713"},"modified":"2020-02-16T22:21:05","modified_gmt":"2020-02-16T21:21:05","slug":"repas-images","status":"publish","type":"page","link":"https:\/\/www.cfccp.net\/index.php\/archives\/repas-images\/","title":{"rendered":"Nos repas associatifs en images"},"content":{"rendered":"\n<p><strong><em><a href=\"http:\/\/www.cfccp.net\/index.php\/archives\/\">&lt;= RETOUR AUX ARCHIVES<\/a><\/em><\/strong><\/p>\n\n\n<p>Depuis 2006 \u00e0 l&rsquo;occasion du 40\u00e8 anniversaire du CFCCP, le cercle organise chaque ann\u00e9e dans un grand restaurant parisien, un repas associatif qui r\u00e9unit plus de 50 participants. C&rsquo;est l&rsquo;occasion de se retrouver entre adh\u00e9rents, dans une ambiance chaleureuse, agr\u00e9ment\u00e9e de jeux, concours et loteries.<\/p>\n<p>Retenez la date, le prochain repas festif est pr\u00e9vu pour le samedi 28 mars toujours chez Mollard. Des informations vous sont communiqu\u00e9es en consultant le nouveau site du CFCCP, rubrique \u00a0<a href=\"http:\/\/Depuis 2006 \u00e0 l'occasion du 40\u00e8 anniversaire du CFCCP, le cercle organise chaque ann\u00e9e dans un grand restaurant parisien, un repas associatif qui r\u00e9unit plus de 50 participants. C'est l'occasion de se retrouver entre adh\u00e9rents, dans une ambiance chaleureuse, agr\u00e9ment\u00e9e de jeux, concours et loteries.\" data-wplink-url-error=\"true\"><em><strong>ACTUALITES<\/strong><\/em><\/a><\/p>\n<h1>Le repas festif du CFCCP, le samedi 16 mars 2019<\/h1>\n<p>Notre repas festif est termin\u00e9. Il a r\u00e9uni \u00e0 la Brasserie -Restaurant Mollard, 115 rue Saint-Lazare \u00e0 Paris 8\u00e8me, une trentaine d&rsquo;adh\u00e9rentes et d&rsquo;adh\u00e9rents, dans une ambiance chaleureuse.<\/p>\n<p>\u00a0<\/p>\n<center>La carte menu r\u00e9alis\u00e9e par Mich\u00e8le et Alain DEBARBOUILLE<center><img src=\"http:\/\/www.cfccp.com\/images\/banquets\/cfccp-banquets-2019\/cfccp-banquets-2019-menu\/cfccp-banquets-2019-menu1-mod.jpg\" width=\"520\" \/><\/center><center><img src=\"http:\/\/www.cfccp.com\/images\/banquets\/cfccp-banquets-2019\/cfccp-banquets-2019-menu\/cfccp-banquets-2019-menu2-mod.jpg\" width=\"520\" \/><\/center>\n<p>\u00a0<\/p>\n<p>Texte en attente<\/p>\n<h2>Quelques photos prises par notre Pr\u00e9sident Ronald MATTATIA<\/h2>\n<p>Grande conversation entre les DEBARBOUILLE et les PETINIOT<\/p>\n<p>\u00a0<\/p>\n<center><img src=\"http:\/\/www.cfccp.com\/images\/banquets\/cfccp-banquets-2019\/cfccp-banquets-2019-photos\/cfccp-banquets-2019-photos-or\/DSC00725.JPG\" width=\"520\" \/><\/center>\n<p>\u00a0<\/p>\n<p>Denise GUERIN de retour parmi nous avec sa belle fille<\/p>\n<p>\u00a0<\/p>\n<center><img src=\"http:\/\/www.cfccp.com\/images\/banquets\/cfccp-banquets-2019\/cfccp-banquets-2019-photos\/cfccp-banquets-2019-photos-or\/DSC00731.JPG\" width=\"520\" \/><\/center>\n<p>\u00a0<\/p>\n<p>Bernard NANTY, Jacques GUIEUX et Michel FORTIN<\/p>\n<p>\u00a0<\/p>\n<center><img src=\"http:\/\/www.cfccp.com\/images\/banquets\/cfccp-banquets-2019\/cfccp-banquets-2019-photos\/cfccp-banquets-2019-photos-or\/DSC00746.JPG\" width=\"520\" \/><\/center>\n<p>\u00a0<\/p>\n<p>Claude FRICOT en conversation avec Betty MATTATIA et Marie-Fran\u00e7oise LOIRET<\/p>\n<p>\u00a0<\/p>\n<center><img src=\"http:\/\/www.cfccp.com\/images\/banquets\/cfccp-banquets-2019\/cfccp-banquets-2019-photos\/cfccp-banquets-2019-photos-or\/DSC00749.JPG\" width=\"520\" \/><\/center>\n<p>\u00a0<\/p>\n<p>Claudine CHARPENTIER et Andr\u00e9 DEPAIGNE<\/p>\n<p>\u00a0<\/p>\n<center><img src=\"http:\/\/www.cfccp.com\/images\/banquets\/cfccp-banquets-2019\/cfccp-banquets-2019-photos\/cfccp-banquets-2019-photos-or\/DSC00758.JPG\" width=\"520\" \/><\/center>\n<p>\u00a0<\/p>\n<p>Claudine de SYON et Claude FRICOT<\/p>\n<p>\u00a0<\/p>\n<center><img src=\"http:\/\/www.cfccp.com\/images\/banquets\/cfccp-banquets-2019\/cfccp-banquets-2019-photos\/cfccp-banquets-2019-photos-or\/DSC00761.JPG\" width=\"520\" \/><\/center>\n<p>\u00a0<\/p>\n<p>Fran\u00e7oise PETINIOT, Jean LOIRET<\/p>\n<p>\u00a0<\/p>\n<center><img src=\"http:\/\/www.cfccp.com\/images\/banquets\/cfccp-banquets-2019\/cfccp-banquets-2019-photos\/cfccp-banquets-2019-photos-or\/DSC00766.JPG\" width=\"520\" \/><\/center>\n<p>\u00a0<\/p>\n<p>Marie PIERDAIT-FILLIE avec Betty MATTATIA et G\u00e9rard BOURGEON<\/p>\n<p>\u00a0<\/p>\n<center><img src=\"http:\/\/www.cfccp.com\/images\/banquets\/cfccp-banquets-2019\/cfccp-banquets-2019-photos\/cfccp-banquets-2019-photos-or\/DSC00770.JPG\" width=\"520\" \/><\/center>\n<p>\u00a0<\/p>\n<p>Une table bien anim\u00e9e avec en d\u00e9but de table MIch\u00e8le AKROUR et Mme FORTIN<\/p>\n<p>\u00a0<\/p>\n<center><img src=\"http:\/\/www.cfccp.com\/images\/banquets\/cfccp-banquets-2019\/cfccp-banquets-2019-photos\/cfccp-banquets-2019-photos-or\/DSC00771.JPG\" width=\"520\" \/><\/center><\/center>\n<p>\u00a0<\/p>\n<p>Vous trouverez ci-dessous quelques informations et photos glan\u00e9es lors des plus anciennes manifestations.<\/p>\n<h2>Liste des repas associatifs<\/h2>\n<ul>\n<li><a href=\"http:\/\/www.cfccp.com\/cfccpbanquet2018.php\">24 mars 2018 &#8211; Restaurant MOLLARD<\/a><\/li>\n<li><a href=\"http:\/\/www.cfccp.com\/cfccpbanquet2017.php\">11 mars 2017 Restaurant MOLLARD<\/a><\/li>\n<li><a href=\"http:\/\/www.cfccp.com\/cfccpbanquet2016.php\">24 septembre 2016 Repas-Croisi\u00e8re sur la Seine<\/a><\/li>\n<li><a href=\"http:\/\/www.cfccp.com\/cfccpbanquet2015.php\">7 f\u00e9vrier 2015 Restaurant MOLLARD<\/a><\/li>\n<li><a href=\"http:\/\/www.cfccp.com\/cfccpbanquet2014.php\">8 f\u00e9vrier 2014 Restaurant MOLLARD<\/a><\/li>\n<li><a href=\"http:\/\/www.cfccp.com\/cfccpbanquet2013.php\">2 f\u00e9vrier 2013 Restaurant MOLLARD<\/a><\/li>\n<li><a href=\"http:\/\/www.cfccp.com\/cfccpbanquet2012.php\">21 janvier 2012 Restaurant MOLLARD<\/a><\/li>\n<li><a href=\"http:\/\/www.cfccp.com\/cfccpbanquet2011.php\">22 janvier 2011 Restaurant MOLLARD<\/a><\/li>\n<li><a href=\"http:\/\/www.cfccp.com\/cfccpbanquet2009.php\">10 octobre 2009 Restaurant LE GRENADIER<\/a><\/li>\n<li><a href=\"http:\/\/www.cfccp.com\/cfccpbanquet2008.php\">19 janvier 2008 Restaurant MOLLARD<\/a><\/li>\n<li><a href=\"http:\/\/www.cfccp.com\/cfccpbanquet2006.php\">24 f\u00e9vrier 2006 Restaurant LE MOULIN VERT<\/a><\/li>\n<\/ul>\n\n\n<p><strong><em><a href=\"http:\/\/www.cfccp.net\/index.php\/archives\/\">&lt;= RETOUR AUX ARCHIVES<\/a><\/em><\/strong><\/p>\n","protected":false},"excerpt":{"rendered":"<p>&lt;= RETOUR AUX ARCHIVES Depuis 2006 \u00e0 l&rsquo;occasion du 40\u00e8 anniversaire du CFCCP, le cercle organise chaque ann\u00e9e dans un&hellip;<\/p>\n","protected":false},"author":4,"featured_media":0,"parent":190,"menu_order":4,"comment_status":"closed","ping_status":"closed","template":"","meta":[],"_links":{"self":[{"href":"https:\/\/www.cfccp.net\/index.php\/wp-json\/wp\/v2\/pages\/713"}],"collection":[{"href":"https:\/\/www.cfccp.net\/index.php\/wp-json\/wp\/v2\/pages"}],"about":[{"href":"https:\/\/www.cfccp.net\/index.php\/wp-json\/wp\/v2\/types\/page"}],"author":[{"embeddable":true,"href":"https:\/\/www.cfccp.net\/index.php\/wp-json\/wp\/v2\/users\/4"}],"replies":[{"embeddable":true,"href":"https:\/\/www.cfccp.net\/index.php\/wp-json\/wp\/v2\/comments?post=713"}],"version-history":[{"count":6,"href":"https:\/\/www.cfccp.net\/index.php\/wp-json\/wp\/v2\/pages\/713\/revisions"}],"predecessor-version":[{"id":1164,"href":"https:\/\/www.cfccp.net\/index.php\/wp-json\/wp\/v2\/pages\/713\/revisions\/1164"}],"up":[{"embeddable":true,"href":"https:\/\/www.cfccp.net\/index.php\/wp-json\/wp\/v2\/pages\/190"}],"wp:attachment":[{"href":"https:\/\/www.cfccp.net\/index.php\/wp-json\/wp\/v2\/media?parent=713"}],"curies":[{"name":"wp","href":"https:\/\/api.w.org\/{rel}","templated":true}]}}

<p><strong><em><a href="http://www.cfccp.net/index.php/archives/">&lt;= RETOUR AUX ARCHIVES</a></em></strong></p>


<p>Depuis 2006 à l&rsquo;occasion du 40è anniversaire du CFCCP, le cercle organise chaque année dans un grand restaurant parisien, un repas associatif qui réunit plus de 50 participants. C&rsquo;est l&rsquo;occasion de se retrouver entre adhérents, dans une ambiance chaleureuse, agrémentée de jeux, concours et loteries.</p>
<p>Retenez la date, le prochain repas festif est prévu pour le samedi 28 mars toujours chez Mollard. Des informations vous sont communiquées en consultant le nouveau site du CFCCP, rubrique  <a href="http://Depuis 2006 à l'occasion du 40è anniversaire du CFCCP, le cercle organise chaque année dans un grand restaurant parisien, un repas associatif qui réunit plus de 50 participants. C'est l'occasion de se retrouver entre adhérents, dans une ambiance chaleureuse, agrémentée de jeux, concours et loteries." data-wplink-url-error="true"><em><strong>ACTUALITES</strong></em></a></p>
<h1>Le repas festif du CFCCP, le samedi 16 mars 2019</h1>
<p>Notre repas festif est terminé. Il a réuni à la Brasserie -Restaurant Mollard, 115 rue Saint-Lazare à Paris 8ème, une trentaine d&rsquo;adhérentes et d&rsquo;adhérents, dans une ambiance chaleureuse.</p>
<p> </p>
<center>La carte menu réalisée par Michèle et Alain DEBARBOUILLE<center><img src="http://www.cfccp.com/images/banquets/cfccp-banquets-2019/cfccp-banquets-2019-menu/cfccp-banquets-2019-menu1-mod.jpg" width="520" /></center><center><img src="http://www.cfccp.com/images/banquets/cfccp-banquets-2019/cfccp-banquets-2019-menu/cfccp-banquets-2019-menu2-mod.jpg" width="520" /></center>
<p> </p>
<p>Texte en attente</p>
<h2>Quelques photos prises par notre Président Ronald MATTATIA</h2>
<p>Grande conversation entre les DEBARBOUILLE et les PETINIOT</p>
<p> </p>
<center><img src="http://www.cfccp.com/images/banquets/cfccp-banquets-2019/cfccp-banquets-2019-photos/cfccp-banquets-2019-photos-or/DSC00725.JPG" width="520" /></center>
<p> </p>
<p>Denise GUERIN de retour parmi nous avec sa belle fille</p>
<p> </p>
<center><img src="http://www.cfccp.com/images/banquets/cfccp-banquets-2019/cfccp-banquets-2019-photos/cfccp-banquets-2019-photos-or/DSC00731.JPG" width="520" /></center>
<p> </p>
<p>Bernard NANTY, Jacques GUIEUX et Michel FORTIN</p>
<p> </p>
<center><img src="http://www.cfccp.com/images/banquets/cfccp-banquets-2019/cfccp-banquets-2019-photos/cfccp-banquets-2019-photos-or/DSC00746.JPG" width="520" /></center>
<p> </p>
<p>Claude FRICOT en conversation avec Betty MATTATIA et Marie-Françoise LOIRET</p>
<p> </p>
<center><img src="http://www.cfccp.com/images/banquets/cfccp-banquets-2019/cfccp-banquets-2019-photos/cfccp-banquets-2019-photos-or/DSC00749.JPG" width="520" /></center>
<p> </p>
<p>Claudine CHARPENTIER et André DEPAIGNE</p>
<p> </p>
<center><img src="http://www.cfccp.com/images/banquets/cfccp-banquets-2019/cfccp-banquets-2019-photos/cfccp-banquets-2019-photos-or/DSC00758.JPG" width="520" /></center>
<p> </p>
<p>Claudine de SYON et Claude FRICOT</p>
<p> </p>
<center><img src="http://www.cfccp.com/images/banquets/cfccp-banquets-2019/cfccp-banquets-2019-photos/cfccp-banquets-2019-photos-or/DSC00761.JPG" width="520" /></center>
<p> </p>
<p>Françoise PETINIOT, Jean LOIRET</p>
<p> </p>
<center><img src="http://www.cfccp.com/images/banquets/cfccp-banquets-2019/cfccp-banquets-2019-photos/cfccp-banquets-2019-photos-or/DSC00766.JPG" width="520" /></center>
<p> </p>
<p>Marie PIERDAIT-FILLIE avec Betty MATTATIA et Gérard BOURGEON</p>
<p> </p>
<center><img src="http://www.cfccp.com/images/banquets/cfccp-banquets-2019/cfccp-banquets-2019-photos/cfccp-banquets-2019-photos-or/DSC00770.JPG" width="520" /></center>
<p> </p>
<p>Une table bien animée avec en début de table MIchèle AKROUR et Mme FORTIN</p>
<p> </p>
<center><img src="http://www.cfccp.com/images/banquets/cfccp-banquets-2019/cfccp-banquets-2019-photos/cfccp-banquets-2019-photos-or/DSC00771.JPG" width="520" /></center></center>
<p> </p>
<p>Vous trouverez ci-dessous quelques informations et photos glanées lors des plus anciennes manifestations.</p>
<h2>Liste des repas associatifs</h2>
<ul>
<li><a href="http://www.cfccp.com/cfccpbanquet2018.php">24 mars 2018 &#8211; Restaurant MOLLARD</a></li>
<li><a href="http://www.cfccp.com/cfccpbanquet2017.php">11 mars 2017 Restaurant MOLLARD</a></li>
<li><a href="http://www.cfccp.com/cfccpbanquet2016.php">24 septembre 2016 Repas-Croisière sur la Seine</a></li>
<li><a href="http://www.cfccp.com/cfccpbanquet2015.php">7 février 2015 Restaurant MOLLARD</a></li>
<li><a href="http://www.cfccp.com/cfccpbanquet2014.php">8 février 2014 Restaurant MOLLARD</a></li>
<li><a href="http://www.cfccp.com/cfccpbanquet2013.php">2 février 2013 Restaurant MOLLARD</a></li>
<li><a href="http://www.cfccp.com/cfccpbanquet2012.php">21 janvier 2012 Restaurant MOLLARD</a></li>
<li><a href="http://www.cfccp.com/cfccpbanquet2011.php">22 janvier 2011 Restaurant MOLLARD</a></li>
<li><a href="http://www.cfccp.com/cfccpbanquet2009.php">10 octobre 2009 Restaurant LE GRENADIER</a></li>
<li><a href="http://www.cfccp.com/cfccpbanquet2008.php">19 janvier 2008 Restaurant MOLLARD</a></li>
<li><a href="http://www.cfccp.com/cfccpbanquet2006.php">24 février 2006 Restaurant LE MOULIN VERT</a></li>
</ul>


<p><strong><em><a href="http://www.cfccp.net/index.php/archives/">&lt;= RETOUR AUX ARCHIVES</a></em></strong></p>

<p>&lt;= RETOUR AUX ARCHIVES Depuis 2006 à l&rsquo;occasion du 40è anniversaire du CFCCP, le cercle organise chaque année dans un&hellip;</p>
