{"id":7,"date":"2019-01-10T19:54:24","date_gmt":"2019-01-10T18:54:24","guid":{"rendered":"http:\/\/cfccp.france1900.com\/?page_id=7"},"modified":"2026-04-22T23:29:53","modified_gmt":"2026-04-22T21:29:53","slug":"accueil","status":"publish","type":"page","link":"https:\/\/www.cfccp.net\/","title":{"rendered":"Bienvenue sur le site du Cercle Fran\u00e7ais des Collectionneurs de Cartes Postales"},"content":{"rendered":"\n<p class=\"has-text-align-center\"><strong><em>********************<\/em><\/strong><\/p>\n\n\n\n<p class=\"has-quaternary-color has-text-color has-medium-font-size\"><strong>2026 est l&rsquo;ann\u00e9e de notre 60\u00e8me anniversaire. A cette occasion, le CFCCP pr\u00e9sente \u00e0 ses adh\u00e9rents ses meilleurs voeux pour une vie personnelle apais\u00e9e et pour beaucoup de plaisirs cartophiles auxquels il esp\u00e8re contribuer. Il salue aussi les visiteurs du site en souhaitant qu&rsquo;ils rejoignent notre association.<\/strong> <\/p>\n\n\n\n<p class=\"has-text-align-center\"><strong><em>********************<\/em><\/strong><\/p>\n\n\n\n<p class=\"has-primary-color has-tertiary-background-color has-text-color has-background has-medium-font-size\"><strong>L&rsquo;Assembl\u00e9e G\u00e9n\u00e9rale du Cercle s&rsquo;est tenue le jeudi 16 avril 2026 au si\u00e8ge, Maison des Associations de Paris 15\u00e8me, 22 rue de la Sa\u00eeda. Nombreux sont ceux qui nous ont renvoy\u00e9 leur pouvoir, en t\u00e9moignant ainsi de leur fid\u00e9lit\u00e9. Le Conseil d&rsquo;Administration a \u00e9t\u00e9 reconduit. A cette occasion, le n\u00b0 214 du <em>Cartophile<\/em> a \u00e9t\u00e9 distribu\u00e9 aux pr\u00e9sents, avant l&rsquo;envoi postal \u00e0 tous les autres.<\/strong><\/p>\n\n\n\n<p class=\"has-text-align-center\"><strong><em>********************<\/em><\/strong><\/p>\n\n\n\n<p class=\"has-text-align-left has-primary-color has-text-color has-medium-font-size\"><strong><span class=\"has-inline-color has-primary-color\">Apr\u00e8s le succ\u00e8s de la VPN d&rsquo;ao\u00fbt 2025, une suite de la Vente \u00e0 Prix Nets Permanente<\/span> <span class=\"has-inline-color has-primary-color\">(VPNP) du CFCCP, est propos\u00e9e aux adh\u00e9rents du Cercle. Vous pouvez consulter les 138 cartes propos\u00e9es sur notre page sp\u00e9cialis\u00e9e &#8211; avec les scans &#8211; et une douzaine d&rsquo;albums et groupe de cartes. <\/span>Ne tardez pas \u00e0 poser vos options d&rsquo;achat pour ce cru exceptionnel.<\/strong><span class=\"has-inline-color has-primary-color\"><\/span><\/p>\n\n\n\n<p class=\"has-text-align-center has-large-font-size\"><strong><a rel=\"noreferrer noopener\" href=\"http:\/\/www.cfccp.net\/index.php\/reunions-dispersions\/ventes-a-prix-nets\/\" target=\"_blank\">CONSULTER NOTRE PAGE VPNP SPECIALISEE<\/a><\/strong><\/p>\n\n\n\n<p class=\"has-text-align-center\"><strong><em>********************<\/em><\/strong><\/p>\n\n\n\n<p class=\"has-text-align-left has-primary-color has-text-color\"><span class=\"has-inline-color has-primary-color\">Une Vente sur Offres (VSO) du CFCCP, a \u00e9t\u00e9 propos\u00e9e aux adh\u00e9rents du Cercle \u00e0 partir du 3 novembre 2025 et jusqu&rsquo;au 7 d\u00e9cembre 2025. Les acheteurs ont \u00e9t\u00e9 pr\u00e9venus individuellement. Vous pouvez consulter les r\u00e9sultats sur notre page sp\u00e9cialis\u00e9e.<\/span><span class=\"has-inline-color has-primary-color\"><\/span><\/p>\n\n\n\n<p class=\"has-text-align-center\"><strong><a rel=\"noreferrer noopener\" href=\"http:\/\/www.cfccp.net\/index.php\/reunions-dispersions\/vso\/\/\" target=\"_blank\">CONSULTER NOTRE PAGE VSO SPECIALISEE<\/a><\/strong><\/p>\n\n\n\n<p class=\"has-text-align-center\"><strong><em>********************<\/em><\/strong><\/p>\n\n\n\n<p class=\"has-text-align-left\"><strong>Nous \u00e9tions pr\u00e9sents \u00e0 Palaiseau (91) pour Cartophila le dimanche 25 janvier 2026 et \u00e0 V\u00e9lizy-Villacoublay le dimanche 8 f\u00e9vrier 2026 pour le 39e salon multicollections du CPV. Merci aux organisateurs de ces \u00e9v\u00e9nements qui nous ont permis de pr\u00e9senter notre offre de CPA et de prendre de bons contacts. <\/strong><\/p>\n\n\n<p style=\"text-align: center;\"><span style=\"color: #000000;\"><b><i>********************<\/i><\/b><\/span><\/p>\n<p style=\"text-align: left;\"><span style=\"color: #000000;\"><b>LES \u00c9V\u00c9NEMENTS SONT ANNONC\u00c9S SUR LA PAGE FACEBOOK DU CFCCP<\/b><b>. <\/b><\/span><\/p>\n<p style=\"text-align: left;\"><span style=\"color: #000000;\"><strong>MERCI DE CONSULTER LES ARTICLES EN BAS DE PAGE POUR LES DERNI\u00c8RES NOUVELLES DU CERCLE ET DE LA CARTOPHILIE.&nbsp;<\/strong><\/span><\/p>\n<p style=\"text-align: center;\">********************<\/p>\n<p><em><strong>A<\/strong>ssociation loi 1901 \u00e0 but non lucratif, le <strong>Cercle Fran\u00e7ais des Collectionneurs de Cartes Postales<\/strong> oeuvre depuis sa cr\u00e9ation, en 1966, pour la d\u00e9fense et la promotion de la carte postale. Ses adh\u00e9rents sont des cartophiles d&rsquo;origines g\u00e9ographiques multiples : 1\/3 \u00e0 Paris, 1\/3 en banlieue, 1\/3 en province, dans les DOM-TOM et \u00e0 l&rsquo;\u00e9tranger (Italie, Belgique, Espagne, Suisse, Canada, Br\u00e9sil, USA, Tahiti ou Australie).<\/em><\/p>\n<p><strong>SES OBJECTIFS<\/strong><\/p>\n<ul>\n<li><strong>R<\/strong>\u00e9unir les informations sur la carte postale de l&rsquo;origine \u00e0 nos jours.<\/li>\n<li><strong>S<\/strong>ervir de lien entre ses adh\u00e9rents cartophiles pour l&rsquo;\u00e9change de cartes postales et pour diffuser les renseignements lui parvenant, relatifs \u00e0 la collection ou \u00e0 l&rsquo;\u00e9dition de cartes postales.<\/li>\n<li><strong>O<\/strong>rganiser des expositions et toutes manifestations dans le but d&rsquo;am\u00e9liorer les collections des adh\u00e9rents.<\/li>\n<\/ul>\n<p><strong>SES PRINCIPALES ACTIVIT\u00c9S<\/strong><\/p>\n<ul>\n<li><strong>P<\/strong>ublication d&rsquo;un bulletin trimestriel <strong>Le Cartophile<\/strong> offrant articles de fond, informations diverses et une fois par an la liste des adh\u00e9rents avec leurs th\u00e8mes de collection.<\/li>\n<li><strong>D<\/strong>ispersions digitales de cartes postales.<\/li>\n<li><strong>C<\/strong>onf\u00e9rences certains samedis apr\u00e8s-midi avec projections de cartes postales.<\/li>\n<\/ul>\n<p><a href=\"http:\/\/www.cfccp.net\/index.php\/mot-du-president\/\"><strong><span style=\"color: #0000ff;\">\u21d2&nbsp; LE MOT DU PR\u00c9SIDENT<\/span><\/strong><\/a><\/p>\n<p><a href=\"http:\/\/www.cfccp.net\/index.php\/accueil\/actualites\/\"><span style=\"color: #0000ff;\"><strong>\u21d2&nbsp; ACTUALIT\u00c9S ET INFORMATIONS IMPORTANTES<\/strong><\/span><\/a><\/p>\n<p><a href=\"http:\/\/www.cfccp.net\/index.php\/accueil\/message-ca\/\"><strong>=&gt;&nbsp; &nbsp;MESSAGE DU CONSEIL D&rsquo;ADMINISTRATION<\/strong><\/a><\/p>\n<p><em><strong>VIE DU CERCLE: CONSULTEZ LES ARTICLES R\u00c9CENTS CI-DESSOUS :<\/strong><\/em><\/p>\n<p><\/p>\n\n<ul class=\"wp-block-latest-posts__list is-grid columns-3 has-dates alignleft wp-block-latest-posts\"><li><a href=\"https:\/\/www.cfccp.net\/index.php\/2025\/09\/23\/le-cartophile-212-est-sous-presse\/\">Le Cartophile 212 est sous presse.<\/a><time datetime=\"2025-09-23T09:40:11+02:00\" class=\"wp-block-latest-posts__post-date\">23 septembre 2025<\/time><\/li>\n<li><a href=\"https:\/\/www.cfccp.net\/index.php\/2025\/09\/13\/forum-des-associations-a-la-mairie-du-15eme\/\">Forum des Associations \u00e0 la Mairie du 15\u00e8me<\/a><time datetime=\"2025-09-13T07:47:24+02:00\" class=\"wp-block-latest-posts__post-date\">13 septembre 2025<\/time><\/li>\n<li><a href=\"https:\/\/www.cfccp.net\/index.php\/2025\/09\/13\/vpn-permanente\/\">VPN permanente<\/a><time datetime=\"2025-09-13T07:40:17+02:00\" class=\"wp-block-latest-posts__post-date\">13 septembre 2025<\/time><\/li>\n<li><a href=\"https:\/\/www.cfccp.net\/index.php\/2025\/04\/26\/salon-des-collectionneurs-ce-w-e-26-27-avril-2025\/\">Salon des collectionneurs ce W-E 26-27 avril 2025<\/a><time datetime=\"2025-04-26T09:34:48+02:00\" class=\"wp-block-latest-posts__post-date\">26 avril 2025<\/time><\/li>\n<li><a href=\"https:\/\/www.cfccp.net\/index.php\/2025\/01\/22\/prochaines-dates-fevrier-mars-2025\/\">Prochaines dates : f\u00e9vrier mars 2025<\/a><time datetime=\"2025-01-22T14:48:30+01:00\" class=\"wp-block-latest-posts__post-date\">22 janvier 2025<\/time><\/li>\n<li><a href=\"https:\/\/www.cfccp.net\/index.php\/2025\/01\/22\/44e-bourse-de-chevilly-larue-94-le-2-fevrier-2025\/\">44e Bourse de Chevilly-Larue (94) le 2 f\u00e9vrier 2025<\/a><time datetime=\"2025-01-22T13:11:04+01:00\" class=\"wp-block-latest-posts__post-date\">22 janvier 2025<\/time><\/li>\n<\/ul>","protected":false},"excerpt":{"rendered":"<p>******************** 2026 est l&rsquo;ann\u00e9e de notre 60\u00e8me anniversaire. A cette occasion, le CFCCP pr\u00e9sente \u00e0 ses adh\u00e9rents ses meilleurs voeux&hellip;<\/p>\n","protected":false},"author":1,"featured_media":165,"parent":0,"menu_order":0,"comment_status":"closed","ping_status":"closed","template":"","meta":[],"_links":{"self":[{"href":"https:\/\/www.cfccp.net\/index.php\/wp-json\/wp\/v2\/pages\/7"}],"collection":[{"href":"https:\/\/www.cfccp.net\/index.php\/wp-json\/wp\/v2\/pages"}],"about":[{"href":"https:\/\/www.cfccp.net\/index.php\/wp-json\/wp\/v2\/types\/page"}],"author":[{"embeddable":true,"href":"https:\/\/www.cfccp.net\/index.php\/wp-json\/wp\/v2\/users\/1"}],"replies":[{"embeddable":true,"href":"https:\/\/www.cfccp.net\/index.php\/wp-json\/wp\/v2\/comments?post=7"}],"version-history":[{"count":248,"href":"https:\/\/www.cfccp.net\/index.php\/wp-json\/wp\/v2\/pages\/7\/revisions"}],"predecessor-version":[{"id":4293,"href":"https:\/\/www.cfccp.net\/index.php\/wp-json\/wp\/v2\/pages\/7\/revisions\/4293"}],"wp:featuredmedia":[{"embeddable":true,"href":"https:\/\/www.cfccp.net\/index.php\/wp-json\/wp\/v2\/media\/165"}],"wp:attachment":[{"href":"https:\/\/www.cfccp.net\/index.php\/wp-json\/wp\/v2\/media?parent=7"}],"curies":[{"name":"wp","href":"https:\/\/api.w.org\/{rel}","templated":true}]}}