{"id":646,"date":"2020-01-13T02:41:57","date_gmt":"2020-01-13T01:41:57","guid":{"rendered":"http:\/\/www.cfccp.net\/?page_id=646"},"modified":"2023-09-15T12:30:01","modified_gmt":"2023-09-15T10:30:01","slug":"calendrier-reunions-dates","status":"publish","type":"page","link":"https:\/\/www.cfccp.net\/index.php\/reunions-dispersions\/calendrier-reunions-dates\/","title":{"rendered":"Calendrier des r\u00e9unions et dates importantes"},"content":{"rendered":"\n<p class=\"has-text-color\" style=\"color:#0757f7\"><strong><a href=\"http:\/\/www.cfccp.net\/index.php\/reunions-dispersions\/\">&lt;= RETOUR<\/a><\/strong><\/p>\n\n\n<p><strong><span style=\"color: #ff0000;\">Sauf avis contraire, aucune r\u00e9union avec dispersion n&rsquo;est programm\u00e9e. Nos activit\u00e9s restent concentr\u00e9es sur l&rsquo;\u00e9dition du Cartophile et sur des dispersions digitales.&nbsp;<\/span><\/strong><\/p>\n\n\n<p><strong> FORUM DES ASSOCIATIONS <\/strong>  <strong>Nous participons au Forum des Associations de Paris 15\u00e8me le deuxi\u00e8me samedi de septembre de 10h \u00e0 18h. Notre stand est depuis 2020 localis\u00e9 square Jean Ch\u00e9rioux (pr\u00e8s de la Mairie du 15\u00e8me). Acc\u00e8s par le 260 rue de Vaugirard 75015. M\u00e9tro 12 Vaugirard. Bus 39, 70, 80, 88<\/strong>,  <strong>V\u00e9lib 15038, 18 place Adolphe Ch\u00e9rioux, V\u00e9lib 15020, 4 rue L\u00e9on S\u00e9ch\u00e9, Station 15019, 3 rue Paul Barruel<\/strong>. <\/p>\n\n\n\n<p class=\"has-text-align-center\"><strong><span style=\"color:#fb0804\" class=\"has-inline-color\">LE FORUM 2023 SE TIENDRA LE 16 SEPTEMBRE 2023.<\/span><\/strong><\/p>\n\n\n\n<div class=\"wp-block-image\"><figure class=\"aligncenter\"><img loading=\"lazy\" width=\"469\" height=\"310\" src=\"http:\/\/www.cfccp.net\/wp-content\/uploads\/2020\/08\/sqare-j-cherioux.jpg\" alt=\"\" class=\"wp-image-1936\" srcset=\"https:\/\/www.cfccp.net\/wp-content\/uploads\/2020\/08\/sqare-j-cherioux.jpg 469w, https:\/\/www.cfccp.net\/wp-content\/uploads\/2020\/08\/sqare-j-cherioux-300x198.jpg 300w\" sizes=\"(max-width: 469px) 100vw, 469px\" \/><\/figure><\/div>\n\n\n\n<p><\/p>\n\n\n\n<p class=\"has-primary-color has-text-color\"><\/p>\n\n\n\n<p class=\"has-background\" style=\"background-color:#14f018\"><strong>L\u2019Assembl\u00e9e G\u00e9n\u00e9rale Ordinaire 2023 se tiendra le jeudi 11 mai 2023 \u00e0 14 heures 30 <\/strong>\u00e0 la Maison de la Vie Associative et Citoyenne du 15\u00e8me, 22 rue de la Sa\u00efda, 75015 PARIS. Les adh\u00e9rents avaient re\u00e7u par courrier la convocation, l&rsquo;ordre du jour et le formulaire de pouvoir \u00e0 renvoyer. <\/p>\n\n\n\n<p class=\"has-text-color\" style=\"color:#0757f7\"><strong><a href=\"http:\/\/www.cfccp.net\/index.php\/reunions-dispersions\/AG2020-et-repas\/\">=&gt; PLUS D&rsquo;INFORMATIONS<\/a><\/strong><\/p>\n\n\n\n<p class=\"has-quinary-color has-text-color has-background\" style=\"background-color:#fd3b35\"><strong>Le repas associatif s&rsquo;est tenu le samedi 18 mars<\/strong> 2023 \u00e0 midi au restaurant Mollard, 115 rue Saint Lazare, 75008 PARIS. Les adh\u00e9rents pr\u00e9sents ont pu  ainsi se retrouver et \u00e9changer \u00e0 table, apr\u00e8s un ap\u00e9ritif propos\u00e9 par le Cercle dans une salle. <\/p>\n\n\n\n<p class=\"has-text-color\" style=\"color:#0757f7\"><strong><a href=\"http:\/\/www.cfccp.net\/index.php\/reunions-dispersions\/AG2020-et-repas\/\">=&gt; PLUS D&rsquo;INFORMATIONS<\/a><\/strong><\/p>\n\n\n\n<p class=\"has-text-color\" style=\"color:#0757f7\"><strong><a href=\"http:\/\/www.cfccp.net\/index.php\/reunions-dispersions\/\">&lt;= RETOUR<\/a><\/strong><\/p>\n\n\n\n<p class=\"has-text-align-right\"><em>mise \u00e0 jour 20 ao\u00fbt 2020<\/em><\/p>\n","protected":false},"excerpt":{"rendered":"<p>&lt;= RETOUR Sauf avis contraire, aucune r\u00e9union avec dispersion n&rsquo;est programm\u00e9e. Nos activit\u00e9s restent concentr\u00e9es sur l&rsquo;\u00e9dition du Cartophile et&hellip;<\/p>\n","protected":false},"author":4,"featured_media":1183,"parent":625,"menu_order":0,"comment_status":"closed","ping_status":"closed","template":"","meta":[],"_links":{"self":[{"href":"https:\/\/www.cfccp.net\/index.php\/wp-json\/wp\/v2\/pages\/646"}],"collection":[{"href":"https:\/\/www.cfccp.net\/index.php\/wp-json\/wp\/v2\/pages"}],"about":[{"href":"https:\/\/www.cfccp.net\/index.php\/wp-json\/wp\/v2\/types\/page"}],"author":[{"embeddable":true,"href":"https:\/\/www.cfccp.net\/index.php\/wp-json\/wp\/v2\/users\/4"}],"replies":[{"embeddable":true,"href":"https:\/\/www.cfccp.net\/index.php\/wp-json\/wp\/v2\/comments?post=646"}],"version-history":[{"count":38,"href":"https:\/\/www.cfccp.net\/index.php\/wp-json\/wp\/v2\/pages\/646\/revisions"}],"predecessor-version":[{"id":3781,"href":"https:\/\/www.cfccp.net\/index.php\/wp-json\/wp\/v2\/pages\/646\/revisions\/3781"}],"up":[{"embeddable":true,"href":"https:\/\/www.cfccp.net\/index.php\/wp-json\/wp\/v2\/pages\/625"}],"wp:featuredmedia":[{"embeddable":true,"href":"https:\/\/www.cfccp.net\/index.php\/wp-json\/wp\/v2\/media\/1183"}],"wp:attachment":[{"href":"https:\/\/www.cfccp.net\/index.php\/wp-json\/wp\/v2\/media?parent=646"}],"curies":[{"name":"wp","href":"https:\/\/api.w.org\/{rel}","templated":true}]}}

Calendrier des réunions et dates importantes

<p class="has-text-color" style="color:#0757f7"><strong><a href="http://www.cfccp.net/index.php/reunions-dispersions/">&lt;= RETOUR</a></strong></p>


<p><strong><span style="color: #ff0000;">Sauf avis contraire, aucune réunion avec dispersion n&rsquo;est programmée. Nos activités restent concentrées sur l&rsquo;édition du Cartophile et sur des dispersions digitales.&nbsp;</span></strong></p>


<p><strong> FORUM DES ASSOCIATIONS </strong>  <strong>Nous participons au Forum des Associations de Paris 15ème le deuxième samedi de septembre de 10h à 18h. Notre stand est depuis 2020 localisé square Jean Chérioux (près de la Mairie du 15ème). Accès par le 260 rue de Vaugirard 75015. Métro 12 Vaugirard. Bus 39, 70, 80, 88</strong>,  <strong>Vélib 15038, 18 place Adolphe Chérioux, Vélib 15020, 4 rue Léon Séché, Station 15019, 3 rue Paul Barruel</strong>. </p>



<p class="has-text-align-center"><strong><span style="color:#fb0804" class="has-inline-color">LE FORUM 2023 SE TIENDRA LE 16 SEPTEMBRE 2023.</span></strong></p>



<div class="wp-block-image"><figure class="aligncenter"><img loading="lazy" width="469" height="310" src="http://www.cfccp.net/wp-content/uploads/2020/08/sqare-j-cherioux.jpg" alt="" class="wp-image-1936" srcset="https://www.cfccp.net/wp-content/uploads/2020/08/sqare-j-cherioux.jpg 469w, https://www.cfccp.net/wp-content/uploads/2020/08/sqare-j-cherioux-300x198.jpg 300w" sizes="(max-width: 469px) 100vw, 469px" /></figure></div>



<p></p>



<p class="has-primary-color has-text-color"></p>



<p class="has-background" style="background-color:#14f018"><strong>L’Assemblée Générale Ordinaire 2023 se tiendra le jeudi 11 mai 2023 à 14 heures 30 </strong>à la Maison de la Vie Associative et Citoyenne du 15ème, 22 rue de la Saïda, 75015 PARIS. Les adhérents avaient reçu par courrier la convocation, l&rsquo;ordre du jour et le formulaire de pouvoir à renvoyer. </p>



<p class="has-text-color" style="color:#0757f7"><strong><a href="http://www.cfccp.net/index.php/reunions-dispersions/AG2020-et-repas/">=&gt; PLUS D&rsquo;INFORMATIONS</a></strong></p>



<p class="has-quinary-color has-text-color has-background" style="background-color:#fd3b35"><strong>Le repas associatif s&rsquo;est tenu le samedi 18 mars</strong> 2023 à midi au restaurant Mollard, 115 rue Saint Lazare, 75008 PARIS. Les adhérents présents ont pu  ainsi se retrouver et échanger à table, après un apéritif proposé par le Cercle dans une salle. </p>



<p class="has-text-color" style="color:#0757f7"><strong><a href="http://www.cfccp.net/index.php/reunions-dispersions/AG2020-et-repas/">=&gt; PLUS D&rsquo;INFORMATIONS</a></strong></p>



<p class="has-text-color" style="color:#0757f7"><strong><a href="http://www.cfccp.net/index.php/reunions-dispersions/">&lt;= RETOUR</a></strong></p>



<p class="has-text-align-right"><em>mise à jour 20 août 2020</em></p>

<p>&lt;= RETOUR Sauf avis contraire, aucune réunion avec dispersion n&rsquo;est programmée. Nos activités restent concentrées sur l&rsquo;édition du Cartophile et&hellip;</p>
