{"id":625,"date":"2020-01-13T00:33:02","date_gmt":"2020-01-12T23:33:02","guid":{"rendered":"http:\/\/www.cfccp.net\/?page_id=625"},"modified":"2023-05-10T22:36:40","modified_gmt":"2023-05-10T20:36:40","slug":"reunions-dispersions","status":"publish","type":"page","link":"https:\/\/www.cfccp.net\/index.php\/reunions-dispersions\/","title":{"rendered":"R\u00e9unions\/Dispersions"},"content":{"rendered":"\n<p><strong><a href=\"http:\/\/www.cfccp.net\/\"><em>\u21d2 RETOUR A L&rsquo;ACCUEIL<\/em><\/a><\/strong><\/p>\n\n\n\n<p>Le CFCCP propose \u00e0 ses adh\u00e9rents d&rsquo;acqu\u00e9rir des cartes postales qui lui sont confi\u00e9es.  Il existe deux proc\u00e9dures qui sont d\u00e9crites en d\u00e9tail dans le r\u00e8glement   :  <\/p>\n\n\n\n<ul><li>les dispersions en r\u00e9union mensuelle, jumel\u00e9e ou non avec une vente sur offre (VSO),<\/li><li>les ventes \u00e0 prix nets (VPN)<\/li><\/ul>\n\n\n\n<p class=\"has-text-align-left\"><strong>Dans ce but, le Cercle organise des r\u00e9unions de ses adh\u00e9rents \u00e0 Paris sur un rythme mensuel, des mardis en fin de journ\u00e9e, sauf pendant les vacances d&rsquo;\u00e9t\u00e9 (juillet &#8211; ao\u00fbt).<\/strong> L&rsquo;acc\u00e8s \u00e0 la salle est soumis au paiement d&rsquo;un droit modique (3\u20ac) permettant de couvrir les frais de location et un rafra\u00eechissement. Ces s\u00e9ances sont pr\u00e9c\u00e9d\u00e9es d&rsquo;une r\u00e9union du conseil d&rsquo;administration ou du bureau.  <\/p>\n\n\n\n<p> A partir de 18h, les adh\u00e9rents peuvent \u00e9tudier plusieurs dizaines de lots comportant une ou plusieurs cartes postales avec leur description et un prix de d\u00e9part. Ces lots peuvent aussi \u00eatre des albums ou des bo\u00eetes de plusieurs centaines de cartes. Chacun peut indiquer par une marque distinctive sur l&rsquo;enveloppe son int\u00e9r\u00eat pour un ou plusieurs lots.  Vers 19 heures, apr\u00e8s une br\u00e8ve information du public sur la vie du Cercle, les ench\u00e8res sont lanc\u00e9es pour environ 2 heures. Le paiement des lots remport\u00e9s est obligatoire en fin de s\u00e9ance (vers 21 heures). <\/p>\n\n\n\n<p><strong>Dans le cas o\u00f9 des causes ext\u00e9rieures emp\u00eacheraient la tenue des r\u00e9unions, des solutions digitales sont mises en place. Voir les liens ci-dessous. <\/strong><\/p>\n\n\n\n<p><em>Nota: Le CFCCP organise aussi des conf\u00e9rences ou des expositions sur un th\u00e8me cartophile, son Assembl\u00e9e G\u00e9n\u00e9rale et un repas associatif annuels. Les lieux et le programme sont pr\u00e9cis\u00e9s en temps utile.<\/em><\/p>\n\n\n\n<p class=\"has-text-color has-background\" style=\"background-color:#f2ff00;color:#f80703\">Les rubriques suivantes donneront tous les d\u00e9tails sur ces activit\u00e9s. N&rsquo;h\u00e9sitez pas \u00e0 les consulter r\u00e9guli\u00e8rement.<\/p>\n\n\n\n<p class=\"has-quinary-background-color has-text-color has-background\" style=\"color:#014dbe\"><strong><a href=\"http:\/\/www.cfccp.net\/index.php\/reunions-dispersions\/reglement-des-dispersions\/\">\u21d2 REGLEMENT DES DISPERSIONS CLASSIQUES<\/a><\/strong><\/p>\n\n\n\n<p class=\"has-quinary-background-color has-text-color has-background\" style=\"color:#0255c0\"><strong><a href=\"http:\/\/www.cfccp.net\/index.php\/reunions-dispersions\/calendrier-reunions-dates\/\">\u21d2 CALENDRIER DES REUNIONS ET DATES IMPORTANTES<\/a><\/strong><\/p>\n\n\n\n<p class=\"has-text-color has-background\" style=\"background-color:#f0fd00;color:#084ec4\"><strong><a href=\"http:\/\/www.cfccp.net\/index.php\/reunions-dispersions\/ventes-a-prix-nets\/\">\u21d2 VENTE A PRIX NETS<\/a> EN COURS<\/strong><\/p>\n\n\n\n<p class=\"has-text-color has-background\" style=\"background-color:#faff00;color:#092dcb\"><a href=\"http:\/\/www.cfccp.net\/index.php\/reunions-dispersions\/vso\/\"> <\/a><strong><a href=\"http:\/\/www.cfccp.net\/index.php\/reunions-dispersions\/vso\/\">\u21d2<\/a><\/strong><a href=\"http:\/\/www.cfccp.net\/index.php\/reunions-dispersions\/vso\/\"> <\/a><strong><a href=\"http:\/\/www.cfccp.net\/index.php\/reunions-dispersions\/vso\/\">  VENTE SUR OFFRES EN COURS<\/a><\/strong><\/p>\n\n\n\n<p class=\"has-quinary-background-color has-text-color has-background\" style=\"color:#004fb8\"><strong><a href=\"http:\/\/www.cfccp.net\/index.php\/reunions-dispersions\/panneau\/\">\u21d2 DISPERSIONS \u00ab\u00a0LE TABLEAU\u00a0\u00bb<\/a><\/strong><\/p>\n\n\n\n<p class=\"has-quinary-background-color has-text-color has-background\" style=\"color:#0152bb\"><strong><a href=\"http:\/\/www.cfccp.net\/index.php\/reunions-dispersions\/AG2020-et-repas\/\">\u21d2 ASSEMBLEE GENERALE 2023 ET REPAS ASSOCIATIF<\/a><\/strong><\/p>\n\n\n\n<p><strong><a href=\"http:\/\/www.cfccp.net\/\"><em>\u21d2 RETOUR A L&rsquo;ACCUEIL<\/em><\/a><\/strong><\/p>\n\n\n\n<p class=\"has-text-align-right\"><em>mise \u00e0 jour octobre 2020<\/em><\/p>\n","protected":false},"excerpt":{"rendered":"<p>\u21d2 RETOUR A L&rsquo;ACCUEIL Le CFCCP propose \u00e0 ses adh\u00e9rents d&rsquo;acqu\u00e9rir des cartes postales qui lui sont confi\u00e9es. Il existe&hellip;<\/p>\n","protected":false},"author":4,"featured_media":200,"parent":0,"menu_order":3,"comment_status":"closed","ping_status":"closed","template":"","meta":[],"_links":{"self":[{"href":"https:\/\/www.cfccp.net\/index.php\/wp-json\/wp\/v2\/pages\/625"}],"collection":[{"href":"https:\/\/www.cfccp.net\/index.php\/wp-json\/wp\/v2\/pages"}],"about":[{"href":"https:\/\/www.cfccp.net\/index.php\/wp-json\/wp\/v2\/types\/page"}],"author":[{"embeddable":true,"href":"https:\/\/www.cfccp.net\/index.php\/wp-json\/wp\/v2\/users\/4"}],"replies":[{"embeddable":true,"href":"https:\/\/www.cfccp.net\/index.php\/wp-json\/wp\/v2\/comments?post=625"}],"version-history":[{"count":43,"href":"https:\/\/www.cfccp.net\/index.php\/wp-json\/wp\/v2\/pages\/625\/revisions"}],"predecessor-version":[{"id":3759,"href":"https:\/\/www.cfccp.net\/index.php\/wp-json\/wp\/v2\/pages\/625\/revisions\/3759"}],"wp:featuredmedia":[{"embeddable":true,"href":"https:\/\/www.cfccp.net\/index.php\/wp-json\/wp\/v2\/media\/200"}],"wp:attachment":[{"href":"https:\/\/www.cfccp.net\/index.php\/wp-json\/wp\/v2\/media?parent=625"}],"curies":[{"name":"wp","href":"https:\/\/api.w.org\/{rel}","templated":true}]}}