{"id":544,"date":"2020-01-13T03:50:15","date_gmt":"2020-01-13T02:50:15","guid":{"rendered":"http:\/\/www.cfccp.net\/?page_id=544"},"modified":"2025-04-29T21:10:12","modified_gmt":"2025-04-29T19:10:12","slug":"adhesion","status":"publish","type":"page","link":"https:\/\/www.cfccp.net\/index.php\/espace-adherents\/adhesion\/","title":{"rendered":"Adh\u00e9sion"},"content":{"rendered":"\n<p><strong><a href=\"http:\/\/www.cfccp.net\/index.php\/espace-adherents\/\">&lt;=  RETOUR<\/a><\/strong><\/p>\n\n\n\n<p class=\"has-background\" style=\"background-color:#fbfe25\"><strong>Vous souhaitez adh\u00e9rer pour la premi\u00e8re fois. Merci de votre int\u00e9r\u00eat pour nos activit\u00e9s. Nous vous souhaitons la bienvenue !<\/strong><\/p>\n\n\n<p><strong><span style=\"color: #ff0000;\">En adh\u00e9rant vous recevrez :<\/span><\/strong><\/p>\n<ul>\n<li><strong><span style=\"color: #ff0000;\">votre carte d&rsquo;adh\u00e9rent(e)<\/span><\/strong><\/li>\n<li><strong><span style=\"color: #ff0000;\">toutes informations sur les dates et lieux de r\u00e9unions et sur les dispersions digitales<\/span><\/strong><\/li>\n<li><strong><span style=\"color: #ff0000;\">4 num\u00e9ros cons\u00e9cutifs de notre trimestriel \u00ab\u00a0Le Cartophile\u00a0\u00bb<\/span><\/strong><\/li>\n<li><strong><span style=\"color: #ff0000;\">la liste compl\u00e8te des adh\u00e9rents avec leurs th\u00e8mes de recherches une fois par an<\/span><\/strong><\/li>\n<\/ul>\n\n\n<p><strong>T\u00e9l\u00e9chargez le document ci-dessous et renvoyez-le accompagn\u00e9 de votre r\u00e8glement (cotisation annuelle de base 20\u20ac, cotisation de soutien montant libre au dessus de 20\u20ac) en suivant les instructions.<\/strong> Les d\u00e9tails de vos coordonn\u00e9es sont n\u00e9cessaires pour la gestion de votre adh\u00e9sion au Cercle. Il est important que nous puisions vous joindre rapidement pour vous adresser des messages sp\u00e9cifiques, pour vous pr\u00e9venir d&rsquo;une dispersion qui pourrait correspondre \u00e0 vos th\u00e8mes collectionn\u00e9s, pour vous r\u00e9clamer le paiement de lots ou pour vous r\u00e9gler des sommes. <em>Cependant vous pouvez choisir les d\u00e9tails qui seront inscrits ou masqu\u00e9s dans l&rsquo;annuaire des membres \u00e9dit\u00e9 chaque ann\u00e9e ainsi que dans sa version en ligne. <\/em><\/p>\n\n\n\n<p>Il est donc crucial que votre bulletin soit r\u00e9dig\u00e9 de fa\u00e7on lisible et de pr\u00e9f\u00e9rence en majuscules.<\/p>\n\n\n\n<p><strong>Bulletin \u00e0 imprimer et \u00e0 renvoyer :<\/strong><\/p>\n\n\n\n<div class=\"wp-block-file\"><object class=\"wp-block-file__embed\" data=\"http:\/\/www.cfccp.net\/wp-content\/uploads\/2025\/04\/Adhesion-Cotisation_CFCCP_2025.pdf\" type=\"application\/pdf\" style=\"width:100%;height:370px\" aria-label=\"Contenu embarqu\u00e9 Adhesion-Cotisation_CFCCP_2025.\"><\/object><a href=\"http:\/\/www.cfccp.net\/wp-content\/uploads\/2025\/04\/Adhesion-Cotisation_CFCCP_2025.pdf\">Adhesion-Cotisation_CFCCP_2025<\/a><a href=\"http:\/\/www.cfccp.net\/wp-content\/uploads\/2025\/04\/Adhesion-Cotisation_CFCCP_2025.pdf\" class=\"wp-block-file__button\" download>T\u00e9l\u00e9charger<\/a><\/div>\n\n\n\n<p class=\"has-quinary-color has-text-color has-background\" style=\"background-color:#fb1414\"><strong>ATTENTION Nous vous offrons maintenant la possibilit\u00e9 de payer votre adh\u00e9sion par virement bancaire. Toutes les r\u00e9f\u00e9rences bancaires n\u00e9cessaires (IBAN, BIC, nom du titulaire, &#8230;) seront communiqu\u00e9es sur simple demande.<\/strong><\/p>\n\n\n\n<p><strong><a href=\"http:\/\/www.cfccp.net\/index.php\/espace-adherents\/\">&lt;=  RETOUR<\/a><\/strong><\/p>\n\n\n\n<p class=\"has-text-align-right\"><em>mise \u00e0 jour <\/em>avril 2025<\/p>\n","protected":false},"excerpt":{"rendered":"<p>&lt;= RETOUR Vous souhaitez adh\u00e9rer pour la premi\u00e8re fois. Merci de votre int\u00e9r\u00eat pour nos activit\u00e9s. Nous vous souhaitons la&hellip;<\/p>\n","protected":false},"author":4,"featured_media":184,"parent":194,"menu_order":1,"comment_status":"closed","ping_status":"closed","template":"","meta":[],"_links":{"self":[{"href":"https:\/\/www.cfccp.net\/index.php\/wp-json\/wp\/v2\/pages\/544"}],"collection":[{"href":"https:\/\/www.cfccp.net\/index.php\/wp-json\/wp\/v2\/pages"}],"about":[{"href":"https:\/\/www.cfccp.net\/index.php\/wp-json\/wp\/v2\/types\/page"}],"author":[{"embeddable":true,"href":"https:\/\/www.cfccp.net\/index.php\/wp-json\/wp\/v2\/users\/4"}],"replies":[{"embeddable":true,"href":"https:\/\/www.cfccp.net\/index.php\/wp-json\/wp\/v2\/comments?post=544"}],"version-history":[{"count":24,"href":"https:\/\/www.cfccp.net\/index.php\/wp-json\/wp\/v2\/pages\/544\/revisions"}],"predecessor-version":[{"id":4166,"href":"https:\/\/www.cfccp.net\/index.php\/wp-json\/wp\/v2\/pages\/544\/revisions\/4166"}],"up":[{"embeddable":true,"href":"https:\/\/www.cfccp.net\/index.php\/wp-json\/wp\/v2\/pages\/194"}],"wp:featuredmedia":[{"embeddable":true,"href":"https:\/\/www.cfccp.net\/index.php\/wp-json\/wp\/v2\/media\/184"}],"wp:attachment":[{"href":"https:\/\/www.cfccp.net\/index.php\/wp-json\/wp\/v2\/media?parent=544"}],"curies":[{"name":"wp","href":"https:\/\/api.w.org\/{rel}","templated":true}]}}