{"id":2993,"date":"2021-12-26T23:09:26","date_gmt":"2021-12-26T22:09:26","guid":{"rendered":"http:\/\/www.cfccp.net\/?page_id=2993"},"modified":"2022-03-29T18:07:52","modified_gmt":"2022-03-29T16:07:52","slug":"vente-sur-offres-n-5","status":"publish","type":"page","link":"https:\/\/www.cfccp.net\/index.php\/reunions-dispersions\/vso\/vente-sur-offres-n-5\/","title":{"rendered":"Vente sur Offres n\u00b0 5"},"content":{"rendered":"\n<p><strong><em><a href=\"http:\/\/www.cfccp.net\/index.php\/reunions-dispersions\/vso\/\">&lt;&lt;=  RETOUR VERS LE CATALOGUE<\/a><\/em><\/strong><\/p>\n\n\n\n<p><strong>Cette vente \u00e9tait close le 31 janvier 2022. <\/strong>Nous vous proposons une s\u00e9lection de quelques images extraites du catalogue, en esp\u00e9rant qu&rsquo;elles suscitent votre int\u00e9r\u00eat pour les ventes suivantes. Afin de s\u00e9curiser votre offre, n&rsquo;h\u00e9sitez pas \u00e0 proposer un plafond sup\u00e9rieur au prix de d\u00e9part. Il ne sera pas visible  mais sera utilis\u00e9 par le gestionnaire du catalogue en cas de contre-proposition. Le catalogue interactif pr\u00e9sente alors en rouge la meilleure proposition atteinte \u00e0 la date figurant en page de couverture du catalogue. <\/p>\n\n\n\n<div class=\"wp-block-image\"><figure class=\"aligncenter\"><img loading=\"lazy\" width=\"960\" height=\"720\" src=\"http:\/\/www.cfccp.net\/wp-content\/uploads\/2021\/12\/VSO5-lots-1.jpg\" alt=\"\" class=\"wp-image-2997\" srcset=\"https:\/\/www.cfccp.net\/wp-content\/uploads\/2021\/12\/VSO5-lots-1.jpg 960w, https:\/\/www.cfccp.net\/wp-content\/uploads\/2021\/12\/VSO5-lots-1-300x225.jpg 300w, https:\/\/www.cfccp.net\/wp-content\/uploads\/2021\/12\/VSO5-lots-1-768x576.jpg 768w, https:\/\/www.cfccp.net\/wp-content\/uploads\/2021\/12\/VSO5-lots-1-600x450.jpg 600w\" sizes=\"(max-width: 960px) 100vw, 960px\" \/><\/figure><\/div>\n\n\n\n<p class=\"has-text-align-center\">*****<\/p>\n\n\n\n<div class=\"wp-block-image\"><figure class=\"aligncenter\"><img loading=\"lazy\" width=\"960\" height=\"720\" src=\"http:\/\/www.cfccp.net\/wp-content\/uploads\/2021\/12\/VSO5-lots-2.jpg\" alt=\"\" class=\"wp-image-2998\" srcset=\"https:\/\/www.cfccp.net\/wp-content\/uploads\/2021\/12\/VSO5-lots-2.jpg 960w, https:\/\/www.cfccp.net\/wp-content\/uploads\/2021\/12\/VSO5-lots-2-300x225.jpg 300w, https:\/\/www.cfccp.net\/wp-content\/uploads\/2021\/12\/VSO5-lots-2-768x576.jpg 768w, https:\/\/www.cfccp.net\/wp-content\/uploads\/2021\/12\/VSO5-lots-2-600x450.jpg 600w\" sizes=\"(max-width: 960px) 100vw, 960px\" \/><\/figure><\/div>\n\n\n\n<p class=\"has-text-align-center\">*****<\/p>\n\n\n\n<div class=\"wp-block-image\"><figure class=\"aligncenter\"><img loading=\"lazy\" width=\"960\" height=\"720\" src=\"http:\/\/www.cfccp.net\/wp-content\/uploads\/2021\/12\/VSO5-lots-3.jpg\" alt=\"\" class=\"wp-image-2999\" srcset=\"https:\/\/www.cfccp.net\/wp-content\/uploads\/2021\/12\/VSO5-lots-3.jpg 960w, https:\/\/www.cfccp.net\/wp-content\/uploads\/2021\/12\/VSO5-lots-3-300x225.jpg 300w, https:\/\/www.cfccp.net\/wp-content\/uploads\/2021\/12\/VSO5-lots-3-768x576.jpg 768w, https:\/\/www.cfccp.net\/wp-content\/uploads\/2021\/12\/VSO5-lots-3-600x450.jpg 600w\" sizes=\"(max-width: 960px) 100vw, 960px\" \/><\/figure><\/div>\n\n\n\n<p class=\"has-text-align-center\">*****<\/p>\n\n\n\n<div class=\"wp-block-image\"><figure class=\"aligncenter\"><img loading=\"lazy\" width=\"960\" height=\"720\" src=\"http:\/\/www.cfccp.net\/wp-content\/uploads\/2021\/12\/VSO5-lots-4.jpg\" alt=\"\" class=\"wp-image-3000\" srcset=\"https:\/\/www.cfccp.net\/wp-content\/uploads\/2021\/12\/VSO5-lots-4.jpg 960w, https:\/\/www.cfccp.net\/wp-content\/uploads\/2021\/12\/VSO5-lots-4-300x225.jpg 300w, https:\/\/www.cfccp.net\/wp-content\/uploads\/2021\/12\/VSO5-lots-4-768x576.jpg 768w, https:\/\/www.cfccp.net\/wp-content\/uploads\/2021\/12\/VSO5-lots-4-600x450.jpg 600w\" sizes=\"(max-width: 960px) 100vw, 960px\" \/><\/figure><\/div>\n\n\n\n<p class=\"has-text-align-center\">*****<\/p>\n\n\n\n<div class=\"wp-block-image\"><figure class=\"aligncenter\"><img loading=\"lazy\" width=\"960\" height=\"720\" src=\"http:\/\/www.cfccp.net\/wp-content\/uploads\/2021\/12\/VSO5-lots-5.jpg\" alt=\"\" class=\"wp-image-3001\" srcset=\"https:\/\/www.cfccp.net\/wp-content\/uploads\/2021\/12\/VSO5-lots-5.jpg 960w, https:\/\/www.cfccp.net\/wp-content\/uploads\/2021\/12\/VSO5-lots-5-300x225.jpg 300w, https:\/\/www.cfccp.net\/wp-content\/uploads\/2021\/12\/VSO5-lots-5-768x576.jpg 768w, https:\/\/www.cfccp.net\/wp-content\/uploads\/2021\/12\/VSO5-lots-5-600x450.jpg 600w\" sizes=\"(max-width: 960px) 100vw, 960px\" \/><\/figure><\/div>\n\n\n\n<p class=\"has-text-align-center\">*****<\/p>\n\n\n\n<div class=\"wp-block-image\"><figure class=\"aligncenter\"><img loading=\"lazy\" width=\"960\" height=\"720\" src=\"http:\/\/www.cfccp.net\/wp-content\/uploads\/2021\/12\/VSO5-lots-6.jpg\" alt=\"\" class=\"wp-image-3002\" srcset=\"https:\/\/www.cfccp.net\/wp-content\/uploads\/2021\/12\/VSO5-lots-6.jpg 960w, https:\/\/www.cfccp.net\/wp-content\/uploads\/2021\/12\/VSO5-lots-6-300x225.jpg 300w, https:\/\/www.cfccp.net\/wp-content\/uploads\/2021\/12\/VSO5-lots-6-768x576.jpg 768w, https:\/\/www.cfccp.net\/wp-content\/uploads\/2021\/12\/VSO5-lots-6-600x450.jpg 600w\" sizes=\"(max-width: 960px) 100vw, 960px\" \/><\/figure><\/div>\n\n\n\n<p class=\"has-text-align-center\">*****<\/p>\n\n\n\n<div class=\"wp-block-image\"><figure class=\"aligncenter\"><img loading=\"lazy\" width=\"960\" height=\"720\" src=\"http:\/\/www.cfccp.net\/wp-content\/uploads\/2021\/12\/VSO5-lots-7.jpg\" alt=\"\" class=\"wp-image-3003\" srcset=\"https:\/\/www.cfccp.net\/wp-content\/uploads\/2021\/12\/VSO5-lots-7.jpg 960w, https:\/\/www.cfccp.net\/wp-content\/uploads\/2021\/12\/VSO5-lots-7-300x225.jpg 300w, https:\/\/www.cfccp.net\/wp-content\/uploads\/2021\/12\/VSO5-lots-7-768x576.jpg 768w, https:\/\/www.cfccp.net\/wp-content\/uploads\/2021\/12\/VSO5-lots-7-600x450.jpg 600w\" sizes=\"(max-width: 960px) 100vw, 960px\" \/><\/figure><\/div>\n\n\n\n<p class=\"has-text-align-center\">*****<\/p>\n\n\n\n<div class=\"wp-block-image\"><figure class=\"aligncenter\"><img loading=\"lazy\" width=\"960\" height=\"720\" src=\"http:\/\/www.cfccp.net\/wp-content\/uploads\/2021\/12\/VSO5-lots-8.jpg\" alt=\"\" class=\"wp-image-3004\" srcset=\"https:\/\/www.cfccp.net\/wp-content\/uploads\/2021\/12\/VSO5-lots-8.jpg 960w, https:\/\/www.cfccp.net\/wp-content\/uploads\/2021\/12\/VSO5-lots-8-300x225.jpg 300w, https:\/\/www.cfccp.net\/wp-content\/uploads\/2021\/12\/VSO5-lots-8-768x576.jpg 768w, https:\/\/www.cfccp.net\/wp-content\/uploads\/2021\/12\/VSO5-lots-8-600x450.jpg 600w\" sizes=\"(max-width: 960px) 100vw, 960px\" \/><\/figure><\/div>\n\n\n\n<p class=\"has-text-align-center\">*****<\/p>\n\n\n\n<div class=\"wp-block-image\"><figure class=\"aligncenter\"><img loading=\"lazy\" width=\"960\" height=\"720\" src=\"http:\/\/www.cfccp.net\/wp-content\/uploads\/2021\/12\/VSO5-lots-9.jpg\" alt=\"\" class=\"wp-image-3005\" srcset=\"https:\/\/www.cfccp.net\/wp-content\/uploads\/2021\/12\/VSO5-lots-9.jpg 960w, https:\/\/www.cfccp.net\/wp-content\/uploads\/2021\/12\/VSO5-lots-9-300x225.jpg 300w, https:\/\/www.cfccp.net\/wp-content\/uploads\/2021\/12\/VSO5-lots-9-768x576.jpg 768w, https:\/\/www.cfccp.net\/wp-content\/uploads\/2021\/12\/VSO5-lots-9-600x450.jpg 600w\" sizes=\"(max-width: 960px) 100vw, 960px\" \/><\/figure><\/div>\n\n\n\n<p><strong><em><a href=\"http:\/\/www.cfccp.net\/index.php\/reunions-dispersions\/vso\/\">&lt;&lt;=  RETOUR VERS LE CATALOGUE<\/a><\/em><\/strong><\/p>\n\n\n\n<p class=\"has-text-align-right\"><em>mise \u00e0 jour 26 d\u00e9cembre 2021<\/em><\/p>\n","protected":false},"excerpt":{"rendered":"<p>&lt;&lt;= RETOUR VERS LE CATALOGUE Cette vente \u00e9tait close le 31 janvier 2022. Nous vous proposons une s\u00e9lection de quelques&hellip;<\/p>\n","protected":false},"author":4,"featured_media":1405,"parent":2836,"menu_order":2,"comment_status":"closed","ping_status":"closed","template":"","meta":[],"_links":{"self":[{"href":"https:\/\/www.cfccp.net\/index.php\/wp-json\/wp\/v2\/pages\/2993"}],"collection":[{"href":"https:\/\/www.cfccp.net\/index.php\/wp-json\/wp\/v2\/pages"}],"about":[{"href":"https:\/\/www.cfccp.net\/index.php\/wp-json\/wp\/v2\/types\/page"}],"author":[{"embeddable":true,"href":"https:\/\/www.cfccp.net\/index.php\/wp-json\/wp\/v2\/users\/4"}],"replies":[{"embeddable":true,"href":"https:\/\/www.cfccp.net\/index.php\/wp-json\/wp\/v2\/comments?post=2993"}],"version-history":[{"count":8,"href":"https:\/\/www.cfccp.net\/index.php\/wp-json\/wp\/v2\/pages\/2993\/revisions"}],"predecessor-version":[{"id":3290,"href":"https:\/\/www.cfccp.net\/index.php\/wp-json\/wp\/v2\/pages\/2993\/revisions\/3290"}],"up":[{"embeddable":true,"href":"https:\/\/www.cfccp.net\/index.php\/wp-json\/wp\/v2\/pages\/2836"}],"wp:featuredmedia":[{"embeddable":true,"href":"https:\/\/www.cfccp.net\/index.php\/wp-json\/wp\/v2\/media\/1405"}],"wp:attachment":[{"href":"https:\/\/www.cfccp.net\/index.php\/wp-json\/wp\/v2\/media?parent=2993"}],"curies":[{"name":"wp","href":"https:\/\/api.w.org\/{rel}","templated":true}]}}