{"id":229,"date":"2019-09-20T14:51:31","date_gmt":"2019-09-20T12:51:31","guid":{"rendered":"http:\/\/www.cfccp.net\/?page_id=229"},"modified":"2025-04-29T22:06:07","modified_gmt":"2025-04-29T20:06:07","slug":"gouvernance","status":"publish","type":"page","link":"https:\/\/www.cfccp.net\/index.php\/espace-adherents\/gouvernance\/","title":{"rendered":"Gouvernance"},"content":{"rendered":"\n<p><strong><a href=\"http:\/\/www.cfccp.net\/index.php\/espace-adherents\/\">&lt;= RETOUR<\/a><\/strong><\/p>\n\n\n\n<p><em>Cette page contient des informations sur les actes essentiels de la vie du Cercle: composition du conseil d&rsquo;administration et du bureau, d\u00e9cisions importantes du conseil d&rsquo;administration, convocation \u00e0 l&rsquo;Assembl\u00e9e g\u00e9n\u00e9rale, etc.<\/em><\/p>\n\n\n\n<p class=\"has-text-color\" style=\"color:#f8130b\"><strong>Le Conseil d&rsquo;Administration a \u00e9t\u00e9 renouvel\u00e9 lors de l\u2019Assembl\u00e9e G\u00e9n\u00e9rale Ordinaire 2025 qui s&rsquo;est tenue le jeudi 10 avril 2025<\/strong> \u00e0 notre si\u00e8ge, Maison de la Vie Associative et Citoyenne du 15\u00e8me, 22 rue de la Sa\u00efda, 75015 PARIS. <strong>Les engagements et responsabilit\u00e9s des conseillers sont les suivants :<\/strong><\/p>\n\n\n\n<figure class=\"wp-block-image\"><img loading=\"lazy\" width=\"1024\" height=\"580\" src=\"http:\/\/www.cfccp.net\/wp-content\/uploads\/2020\/05\/CFCCP_AG_20200229-1024x580.jpg\" alt=\"\" class=\"wp-image-1490\" srcset=\"https:\/\/www.cfccp.net\/wp-content\/uploads\/2020\/05\/CFCCP_AG_20200229-1024x580.jpg 1024w, https:\/\/www.cfccp.net\/wp-content\/uploads\/2020\/05\/CFCCP_AG_20200229-300x170.jpg 300w, https:\/\/www.cfccp.net\/wp-content\/uploads\/2020\/05\/CFCCP_AG_20200229-768x435.jpg 768w, https:\/\/www.cfccp.net\/wp-content\/uploads\/2020\/05\/CFCCP_AG_20200229-1600x906.jpg 1600w, https:\/\/www.cfccp.net\/wp-content\/uploads\/2020\/05\/CFCCP_AG_20200229-600x340.jpg 600w\" sizes=\"(max-width: 1024px) 100vw, 1024px\" \/><figcaption>De g. \u00e0 d;: Michel Degrave, Vice-Pr\u00e9sident,, Jean Larour,  Pr\u00e9sident, Christian Dussart, Tr\u00e9sorier.. Tr\u00e8s discret, Michel Toulet, Vice-Pr\u00e9sident, \u00e9tait hors champ. Clich\u00e9 Danielle Lacroix 29.02.2020.<\/figcaption><\/figure>\n\n\n<center>\n<p>\u00a0<\/p>\n<table><caption><strong><br \/>\u223c\u00a0 \u00a0Conseil d&rsquo;Administration\u00a0 2025 &#8211; 2026\u00a0 \u223c<\/strong>\u00a0\n<p>\u00a0<\/p>\n<\/caption>\n<tbody>\n<tr>\n<td><span style=\"color: #ff0000;\"><strong>LE BUREAU<\/strong><\/span><\/td>\n<td>\u00a0<\/td>\n<\/tr>\n<tr>\n<td>\u00a0<\/td>\n<td>\u00a0<\/td>\n<\/tr>\n<tr>\n<td><strong>Pr\u00e9sident<\/strong><\/td>\n<td><strong>Jean LAROUR<\/strong><\/td>\n<\/tr>\n<tr>\n<td><strong>Vice-Pr\u00e9sidents<\/strong><\/td>\n<td><strong>Michel TOULET &#8211; Michel DEGRAVE<\/strong><\/td>\n<\/tr>\n<tr>\n<td><strong>Secr\u00e9taire<\/strong><\/td>\n<td><strong>Jean LOIRET<\/strong><\/td>\n<\/tr>\n<tr>\n<td><strong>Tr\u00e9sorier<\/strong><\/td>\n<td><strong>Christian DUSSART<\/strong><\/td>\n<\/tr>\n<tr>\n<td>\u00a0<\/td>\n<td>\u00a0<\/td>\n<\/tr>\n<tr>\n<td>\u00a0<\/td>\n<td>\u00a0<\/td>\n<\/tr>\n<tr>\n<td><span style=\"color: #0000ff;\"><strong>LE CARTOPHILE<\/strong><\/span><\/td>\n<td>\u00a0<\/td>\n<\/tr>\n<tr>\n<td>R\u00e9dacteur en chef<\/td>\n<td>Michel TOULET<\/td>\n<\/tr>\n<tr>\n<td>R\u00e9daction et Maquette<\/td>\n<td>Danielle LACROIX<\/td>\n<\/tr>\n<tr>\n<td>Distribution, Exp\u00e9dition, D\u00e9p\u00f4t l\u00e9gal<\/td>\n<td>Christian DUSSART, Jean LAROUR<\/td>\n<\/tr>\n<tr>\n<td><span style=\"color: #339966;\"><strong>MISSIONS ET ENGAGEMENTS DES ADMINISTRATEURS<\/strong><\/span><\/td>\n<td>\u00a0<\/td>\n<\/tr>\n<tr>\n<td>Gestion des CP &#8211; Pr\u00e9paration des s\u00e9ances &#8211; Cotation des cartes<\/td>\n<td>Michel DEGRAVE et adh\u00e9rents volontaires<\/td>\n<\/tr>\n<tr>\n<td>Administration du site Internet cfccp.net<\/td>\n<td>Jean LAROUR, Mathieu BARTH\u00c9LEMY<\/td>\n<\/tr>\n<tr>\n<td>Gestion de la page Facebook<\/td>\n<td>Jean LAROUR, Danielle LACROIX<\/td>\n<\/tr>\n<tr>\n<td>Le CFCCP dans la vie locale du 15\u00e8me<\/td>\n<td>Christian DUSSART et Jean LAROUR<\/td>\n<\/tr>\n<tr>\n<td>Responsable r\u00e9gion PACA<\/td>\n<td>Christian DEFLANDRE<\/td>\n<\/tr>\n<tr>\n<td>Relationnel \u00cele-de-France<\/td>\n<td>St\u00e9phane GOETZ<\/td>\n<\/tr>\n<tr>\n<td>Dispersions digitales<\/td>\n<td>Christian DUSSART<\/td>\n<\/tr>\n<tr>\n<td>Gestion des adh\u00e9rents &#8211; Annuaire<\/td>\n<td>Christian DUSSART<\/td>\n<\/tr>\n<tr>\n<td>\u00a0<\/td>\n<td>\u00a0<\/td>\n<\/tr>\n<tr>\n<td>\u00a0<\/td>\n<td>\u00a0<\/td>\n<\/tr>\n<tr>\n<td>\u00a0<\/td>\n<td>\u00a0<\/td>\n<\/tr>\n<tr>\n<td>\u00a0<\/td>\n<td>\u00a0<\/td>\n<\/tr>\n<\/tbody>\n<\/table>\n<p>\u00a0<\/p>\n<\/center><center>\n<p>\u00a0<\/p>\n<table><caption><strong>MISSIONS CONFI\u00c9ES \u00c0 DES ADH\u00c9RENTS<\/strong><br \/><strong>\u00a0<\/strong><\/caption>\n<tbody>\n<tr>\n<td>V\u00e9rification des comptes<\/td>\n<td>Alain BAUDENS<\/td>\n<\/tr>\n<tr>\n<td>Administration du site Internet cfccp.com<\/td>\n<td>Jean V\u00c9ROT<\/td>\n<\/tr>\n<tr>\n<td>Gestion des archives du Cartophile<\/td>\n<td>Jean V\u00c9ROT<\/td>\n<\/tr>\n<\/tbody>\n<\/table>\n<p>\u00a0<\/p>\n<\/center>\n<p>\u00a0<\/p>\n\n\n<p class=\"has-text-align-left\"><strong>ACTES<\/strong><\/p>\n\n\n\n<ul><li>AGO 2025 &#8211; tenue le 10 avril 2025<\/li><li>AGO 2024 &#8211; tenue le 28 mars 2024 &#8211; CR diffus\u00e9<\/li><li>AGO 2023 &#8211; tenue le 11 mai 2023 &#8211; CR diffus\u00e9<\/li><li>AGO 2021-2022 &#8211; tenue le 5 mai 2022 &#8211; CR diffus\u00e9<\/li><li>AG extraordinaire &#8211; tenue le 5 mai 2022 (modification des statuts)<\/li><li>AGO 2020 &#8211; tenue le  29\/02\/2020 &#8211; CR diffus\u00e9 le 10\/03\/2020<\/li><li>CA &#8211; tenu le 29\/02\/2020 &#8211; CR diffus\u00e9 le 10\/03\/2020<\/li><\/ul>\n\n\n\n<p>Nota :  Les documents administratifs du Cercle sont d\u00e9pos\u00e9s sur le portail parisasso.fr (acc\u00e8s restreint).<\/p>\n\n\n\n<p><strong><a href=\"http:\/\/www.cfccp.net\/index.php\/espace-adherents\/\">&lt;= RETOUR<\/a><\/strong><\/p>\n\n\n\n<p class=\"has-text-align-right\"><em>29 avril 2025<\/em><\/p>\n","protected":false},"excerpt":{"rendered":"<p>&lt;= RETOUR Cette page contient des informations sur les actes essentiels de la vie du Cercle: composition du conseil d&rsquo;administration&hellip;<\/p>\n","protected":false},"author":4,"featured_media":837,"parent":194,"menu_order":3,"comment_status":"closed","ping_status":"closed","template":"","meta":[],"_links":{"self":[{"href":"https:\/\/www.cfccp.net\/index.php\/wp-json\/wp\/v2\/pages\/229"}],"collection":[{"href":"https:\/\/www.cfccp.net\/index.php\/wp-json\/wp\/v2\/pages"}],"about":[{"href":"https:\/\/www.cfccp.net\/index.php\/wp-json\/wp\/v2\/types\/page"}],"author":[{"embeddable":true,"href":"https:\/\/www.cfccp.net\/index.php\/wp-json\/wp\/v2\/users\/4"}],"replies":[{"embeddable":true,"href":"https:\/\/www.cfccp.net\/index.php\/wp-json\/wp\/v2\/comments?post=229"}],"version-history":[{"count":34,"href":"https:\/\/www.cfccp.net\/index.php\/wp-json\/wp\/v2\/pages\/229\/revisions"}],"predecessor-version":[{"id":4171,"href":"https:\/\/www.cfccp.net\/index.php\/wp-json\/wp\/v2\/pages\/229\/revisions\/4171"}],"up":[{"embeddable":true,"href":"https:\/\/www.cfccp.net\/index.php\/wp-json\/wp\/v2\/pages\/194"}],"wp:featuredmedia":[{"embeddable":true,"href":"https:\/\/www.cfccp.net\/index.php\/wp-json\/wp\/v2\/media\/837"}],"wp:attachment":[{"href":"https:\/\/www.cfccp.net\/index.php\/wp-json\/wp\/v2\/media?parent=229"}],"curies":[{"name":"wp","href":"https:\/\/api.w.org\/{rel}","templated":true}]}}