{"id":2,"date":"2018-12-06T14:33:17","date_gmt":"2018-12-06T13:33:17","guid":{"rendered":"http:\/\/cfccp.france1900.com\/?page_id=2"},"modified":"2024-05-28T10:00:56","modified_gmt":"2024-05-28T08:00:56","slug":"actualites","status":"publish","type":"page","link":"https:\/\/www.cfccp.net\/index.php\/accueil\/actualites\/","title":{"rendered":"Actualit\u00e9s"},"content":{"rendered":"\n<p><strong><a href=\"http:\/\/www.cfccp.net\/\">&lt;= RETOUR A L&rsquo;ACCUEIL<\/a><\/strong><\/p>\n\n\n<p><span style=\"color: #ff0000;\"><strong>CFCCP &#8211; Actualit\u00e9s<\/strong><\/span><\/p>\n<ul>\n<li><strong>Vous trouverez au chapitre \u00ab\u00a0R\u00e9unions\u00a0\u00bb du menu, les dates et lieux des r\u00e9unions programm\u00e9es. Consultez les articles en bas de page pour suivre les annulations ou les reports.<\/strong><\/li>\n<li><strong><strong><span style=\"color: #ff0000;\">Restez attentifs aux annonces de nos dispersions digitales, sur ce site et sur la page de notre groupe Facebook.<\/span><\/strong><\/strong><\/li>\n<li><strong><strong><span style=\"color: #000080;\">L\u2019Assembl\u00e9e G\u00e9n\u00e9rale 2024 s&rsquo;est tenue le jeudi 28 mars<\/span> 14 heures \u00e0 la Maison de la Vie Associative et Citoyenne du 15\u00e8me, 22 rue de la Sa\u00efda, 75015 PARIS. Elle a reconduit le conseil d&rsquo;administration. Pour consulter l&rsquo;organigramme 2024-25 du Cercle, <a href=\"http:\/\/www.cfccp.net\/index.php\/espace-adherents\/gouvernance\/\">RENDEZ VOUS ICI<\/a><\/strong><\/strong><\/li>\n<li><strong style=\"font-size: 1rem;\">IMPORTANT<\/strong><span style=\"font-size: 1rem;\">: <span style=\"color: #ff0000;\">Rappelons l&rsquo;importance du renouvellement de l&rsquo;adh\u00e9sion pour faire vivre le Cercle et lui permettre de mener des actions en faveur de la carte postale et en direction de ses adh\u00e9rents.<\/span> <\/span><span style=\"color: #ff0000;\">La cotisation de soutien \u00e0 \u00ab\u00a020\u20ac ou plus\u00a0\u00bb a \u00e9t\u00e9 pl\u00e9biscit\u00e9e par les adh\u00e9rents lors de la derni\u00e8re campagne; par suite le montant de la cotisation a \u00e9t\u00e9 modifi\u00e9 par le Conseil d&rsquo;Administration et s&rsquo;\u00e9l\u00e8ve \u00e0 <strong>20 euros<\/strong>.<\/span><span style=\"font-size: 1rem;\"> Les modalit\u00e9s sont rappel\u00e9es dans l&rsquo;espace Adh\u00e9sion\/Cotisation.<\/span><\/li>\n<li>Le pr\u00e9sent site internet du CFCCP est en d\u00e9veloppement sous la conduite de Mathieu BARTHELEMY. De nombreux modules sont en cours de r\u00e9alisation. Il reprend bien s\u00fbr les documents de l&rsquo;ancien site pour conserver la m\u00e9moire du Cercle.\u00a0 L&rsquo;ancien site <a href=\"http:\/\/www.cfccp.com\">www.cfccp.com<\/a> qui vous \u00e9tait familier peut toujours \u00eatre consult\u00e9 pour retrouver des archives.<\/li>\n<li>Nous avons compl\u00e9t\u00e9 le d\u00e9p\u00f4t l\u00e9gal des Cartophiles \u00e0 la BNF, Biblioth\u00e8que Nationale de France qui seront, nous l&rsquo;esp\u00e9rons, consultables dans leur totalit\u00e9.\u00a0 <a href=\"https:\/\/catalogue.bnf.fr\/ark:\/12148\/cb34483113m\">https:\/\/catalogue.bnf.fr\/ark:\/12148\/cb34483113m<\/a>\u00a0<\/li>\n<\/ul>\n\n\n<p>Progressivement, vous trouverez des pages sur nos expositions, salons, conf\u00e9rences, repas et autres manifestations  les textes et les photos des diff\u00e9rentes manifestations que nous avons organis\u00e9es ou auxquelles nous avons particip\u00e9.<\/p>\n\n\n\n<p> Pour promouvoir la carte postale contemporaine, le CFCCP a cr\u00e9\u00e9 des pages qui demanderont votre assistance pour les enrichir : \u00ab\u00a0LA GALERIE\u00a0\u00bb, \u00ab\u00a0LES COUPS DE COEUR\u00a0\u00bb, \u00ab\u00a0LES SALONS CPM\u00a0\u00bb, \u00ab\u00a0LES CELEBRITES CARTOPHILES\u00a0\u00bb et \u00ab\u00a0HISTOIRE VIRTUELLE DU CFCCP\u00a0\u00bb. Si vous avez des articles \u00e0 proposer, veuillez avoir l&rsquo;obligeance de contacter Jean LAROUR ou d&rsquo;envoyer un mail \u00e0 notre adresse g\u00e9n\u00e9rique cfccpnet@gmail.com. <\/p>\n\n\n\n<p>.Pour des questions de s\u00e9curit\u00e9, veuillez noter notre adresse postale, \u00e0 l&rsquo;exclusion de toutes autres, et libell\u00e9e comme suit : <strong>Maison des Associations du 15\u00e8me\u00a0 &#8211;\u00a0 association CFCCP\u00a0 case 44\u00a0 &#8211; 22 rue de la Sa\u00efda\u00a0 &#8211; 75015\u00a0 PARIS<\/strong>. Soyez vigilants.<\/p>\n\n\n\n<p class=\"has-quinary-background-color has-background\">Un point important \u00e0 noter pour nos adh\u00e9rents qui correspondent entre eux par courriel. Si vous recevez un message d&rsquo;un autre adh\u00e9rent, par simple politesse ne manquez pas d&rsquo;y r\u00e9pondre, car nous tenons beaucoup \u00e0 une bonne relation entre nos adh\u00e9rents. D&rsquo;avance merci.<\/p>\n\n\n\n<p class=\"has-background\" style=\"background-color:#54f84b\">Si vous d\u00e9sirez utiliser un droit d&rsquo;opposition aux images et aux textes qui sont publi\u00e9s dans le site du CFCCP, veuillez avoir l&rsquo;obligeance de pr\u00e9ciser votre demande en utilisant la messagerie du cercle \u00e0 l&rsquo;adresse cfccpnet@gmail.com .<\/p>\n\n\n\n<p>Pour le CFCCP,<br>l&rsquo;administrateur du site<\/p>\n\n\n\n<p><strong><a href=\"http:\/\/www.cfccp.net\/\">&lt;= RETOUR A L&rsquo;ACCUEIL<\/a><\/strong><\/p>\n\n\n\n<p><em><strong>VIE DU CERCLE: CONSULTEZ LES ARTICLES R\u00c9CENTS EN CLIQUANT CI-DESSOUS :<\/strong><\/em><\/p>\n\n\n<ul class=\"wp-block-latest-posts__list wp-block-latest-posts\"><li><a href=\"https:\/\/www.cfccp.net\/index.php\/2025\/09\/23\/le-cartophile-212-est-sous-presse\/\">Le Cartophile 212 est sous presse.<\/a><\/li>\n<li><a href=\"https:\/\/www.cfccp.net\/index.php\/2025\/09\/13\/forum-des-associations-a-la-mairie-du-15eme\/\">Forum des Associations \u00e0 la Mairie du 15\u00e8me<\/a><\/li>\n<li><a href=\"https:\/\/www.cfccp.net\/index.php\/2025\/09\/13\/vpn-permanente\/\">VPN permanente<\/a><\/li>\n<li><a href=\"https:\/\/www.cfccp.net\/index.php\/2025\/04\/26\/salon-des-collectionneurs-ce-w-e-26-27-avril-2025\/\">Salon des collectionneurs ce W-E 26-27 avril 2025<\/a><\/li>\n<li><a href=\"https:\/\/www.cfccp.net\/index.php\/2025\/01\/22\/prochaines-dates-fevrier-mars-2025\/\">Prochaines dates : f\u00e9vrier mars 2025<\/a><\/li>\n<\/ul>","protected":false},"excerpt":{"rendered":"<p>&lt;= RETOUR A L&rsquo;ACCUEIL CFCCP &#8211; Actualit\u00e9s Vous trouverez au chapitre \u00ab\u00a0R\u00e9unions\u00a0\u00bb du menu, les dates et lieux des r\u00e9unions&hellip;<\/p>\n","protected":false},"author":1,"featured_media":110,"parent":7,"menu_order":2,"comment_status":"closed","ping_status":"open","template":"","meta":[],"_links":{"self":[{"href":"https:\/\/www.cfccp.net\/index.php\/wp-json\/wp\/v2\/pages\/2"}],"collection":[{"href":"https:\/\/www.cfccp.net\/index.php\/wp-json\/wp\/v2\/pages"}],"about":[{"href":"https:\/\/www.cfccp.net\/index.php\/wp-json\/wp\/v2\/types\/page"}],"author":[{"embeddable":true,"href":"https:\/\/www.cfccp.net\/index.php\/wp-json\/wp\/v2\/users\/1"}],"replies":[{"embeddable":true,"href":"https:\/\/www.cfccp.net\/index.php\/wp-json\/wp\/v2\/comments?post=2"}],"version-history":[{"count":40,"href":"https:\/\/www.cfccp.net\/index.php\/wp-json\/wp\/v2\/pages\/2\/revisions"}],"predecessor-version":[{"id":3903,"href":"https:\/\/www.cfccp.net\/index.php\/wp-json\/wp\/v2\/pages\/2\/revisions\/3903"}],"up":[{"embeddable":true,"href":"https:\/\/www.cfccp.net\/index.php\/wp-json\/wp\/v2\/pages\/7"}],"wp:featuredmedia":[{"embeddable":true,"href":"https:\/\/www.cfccp.net\/index.php\/wp-json\/wp\/v2\/media\/110"}],"wp:attachment":[{"href":"https:\/\/www.cfccp.net\/index.php\/wp-json\/wp\/v2\/media?parent=2"}],"curies":[{"name":"wp","href":"https:\/\/api.w.org\/{rel}","templated":true}]}}