{"id":1533,"date":"2020-06-12T14:23:48","date_gmt":"2020-06-12T12:23:48","guid":{"rendered":"http:\/\/www.cfccp.net\/?page_id=1533"},"modified":"2020-09-08T03:22:45","modified_gmt":"2020-09-08T01:22:45","slug":"plan-du-site","status":"publish","type":"page","link":"https:\/\/www.cfccp.net\/index.php\/accueil\/plan-du-site\/","title":{"rendered":"Plan du site"},"content":{"rendered":"\n<p>Cette r\u00e9capitulation vous permet de juger d&rsquo;un coup d&rsquo;oeil l&rsquo;organisation du site. Toutes les pages publiques sont cliquables.<\/p>\n\n\n<p><a href=\"http:\/\/www.cfccp.net\/index.php\/le-cartophile\/\" target=\"_blank\" rel=\"noopener noreferrer\"><strong>Bienvenue sur le site du CFCCP \u2014 Page d\u2019accueil<\/strong><\/a><\/p>\n<ul>\n<li><a href=\"http:\/\/www.cfccp.net\/index.php\/accueil\/mot-du-president\/\" target=\"_blank\" rel=\"noopener noreferrer\">Le Mot du Pr\u00e9sident<\/a><\/li>\n<li><a href=\"http:\/\/www.cfccp.net\/index.php\/accueil\/actualites\/\">Actualit\u00e9s et dates importantes<\/a><\/li>\n<li><a href=\"http:\/\/www.cfccp.net\/index.php\/accueil\/message-ca\/\">Message du Conseil d\u2019Administration<\/a><\/li>\n<li><a href=\"http:\/\/www.cfccp.net\/index.php\/accueil\/mentions-legales\/\">Mentions l\u00e9gales<\/a><\/li>\n<li><a href=\"http:\/\/www.cfccp.net\/index.php\/accueil\/plan-du-site\/\">Plan du site<\/a><\/li>\n<\/ul>\n<p><strong><a href=\"http:\/\/www.cfccp.net\/index.php\/reunions-dispersions\/\">R\u00e9unions\/Dispersions<\/a><\/strong><\/p>\n<ul>\n<li><a href=\"http:\/\/www.cfccp.net\/index.php\/reunions-dispersions\/calendrier-reunions-dates\/\">Calendrier des r\u00e9unions et dates importantes<\/a><\/li>\n<li><a href=\"http:\/\/www.cfccp.net\/index.php\/reunions-dispersions\/reglement-des-dispersions\/\">R\u00e8glement des dispersions de cartes postales<\/a><\/li>\n<li><a href=\"http:\/\/www.cfccp.net\/index.php\/reunions-dispersions\/panneau\/\">Dispersions \u00ab Le Tableau \u00bb<\/a><\/li>\n<li><a href=\"http:\/\/www.cfccp.net\/index.php\/reunions-dispersions\/ventes-a-prix-nets\/\">Ventes \u00e0 prix nets (VPN)<\/a>\n<ul>\n<li><a href=\"http:\/\/www.cfccp.net\/index.php\/reunions-dispersions\/ventes-a-prix-nets\/vpn-189\/\">VPN 189<\/a><\/li>\n<li><a href=\"http:\/\/www.cfccp.net\/index.php\/reunions-dispersions\/ventes-a-prix-nets\/vpn-188\/\">VPN 188<\/a><\/li>\n<li>VPN 187<\/li>\n<li>VPN 186<\/li>\n<\/ul>\n<\/li>\n<li><a href=\"http:\/\/www.cfccp.net\/index.php\/reunions-dispersions\/AG2020-et-repas\/\">Assembl\u00e9e g\u00e9n\u00e9rale 2020 et Repas associatif<\/a><\/li>\n<li><a href=\"http:\/\/www.cfccp.net\/index.php\/reunions-dispersions\/disp-15-sept-2020\/\">Dispersion du 15\/9\/2020 &#8211; Vente sur offre<\/a>\n<ul>\n<li><a href=\"http:\/\/www.cfccp.net\/index.php\/reunions-dispersions\/disp-15-sept-2020\/diaporama\/\">Diaporama<\/a><\/li>\n<li><a href=\"http:\/\/www.cfccp.net\/index.php\/reunions-dispersions\/disp-15-sept-2020\/gal-15-09\/\">Galeries<\/a>\n<ul>\n<li><a href=\"http:\/\/www.cfccp.net\/index.php\/reunions-dispersions\/disp-15-sept-2020\/gal-15-09\/gal-1-15-09\/\">Galerie 1<\/a><\/li>\n<li><a href=\"http:\/\/www.cfccp.net\/index.php\/reunions-dispersions\/disp-15-sept-2020\/gal-15-09\/gal-2-15-09\/\">Galerie 2<\/a><\/li>\n<li><a href=\"http:\/\/www.cfccp.net\/index.php\/reunions-dispersions\/disp-15-sept-2020\/gal-15-09\/gal-3-15-09\/\">Galerie 3<\/a><\/li>\n<li><a href=\"http:\/\/www.cfccp.net\/index.php\/reunions-dispersions\/disp-15-sept-2020\/gal-15-09\/gal-4-15-09\/\">Galerie 4<\/a><\/li>\n<li><a href=\"http:\/\/www.cfccp.net\/index.php\/reunions-dispersions\/disp-15-sept-2020\/gal-15-09\/gal-5-15-09\/\">Galerie 5<\/a><\/li>\n<\/ul>\n<\/li>\n<\/ul>\n<\/li>\n<\/ul>\n<p><a href=\"http:\/\/www.cfccp.net\/index.php\/le-cartophile\/\"><strong>Le Cartophile<\/strong><\/a><\/p>\n<ul>\n<li><a href=\"http:\/\/www.cfccp.net\/index.php\/le-cartophile\/carto-50\/\">Le Cartophile sp\u00e9cial du Cinquantenaire<\/a><\/li>\n<li>Sommaires des n\u00b0 193 \u00e0 190 (2020)<\/li>\n<li><a href=\"http:\/\/www.cfccp.net\/index.php\/le-cartophile\/cartophiles-2019\/\">Sommaires des n\u00b0 189 \u00e0 186 (2019)<\/a><\/li>\n<li><a href=\"http:\/\/www.cfccp.net\/index.php\/le-cartophile\/cartophiles-2018\/\">Sommaires des n\u00b0 185 \u00e0 182 (2018)<\/a><\/li>\n<li><a href=\"http:\/\/www.cfccp.net\/index.php\/le-cartophile\/cartophiles-2017\/\">Sommaires des n\u00b0 181 \u00e0 178 (2017)<\/a><\/li>\n<li>\u00a0<a href=\"http:\/\/www.cfccp.net\/index.php\/le-cartophile\/cartophiles-2016\/\">Sommaires des n\u00b0 177 \u00e0 174 (2016)<\/a><\/li>\n<li><a href=\"http:\/\/www.cfccp.net\/index.php\/le-cartophile\/cartophiles-2015\/\">Sommaires des n\u00b0 173 \u00e0 170 (2015)<\/a><\/li>\n<li><a href=\"http:\/\/www.cfccp.net\/index.php\/le-cartophile\/cartophiles-2014\/\">Sommaires des n\u00b0 169 \u00e0 166 (2014)<\/a><\/li>\n<li><a href=\"http:\/\/www.cfccp.net\/index.php\/le-cartophile\/cartophiles-2013\/\">Sommaires des n\u00b0 165 \u00e0 162 (2013)<\/a><\/li>\n<li><a href=\"http:\/\/www.cfccp.net\/index.php\/le-cartophile\/cartophile-no189\/\">Aper\u00e7u du dernier Cartophile<\/a><\/li>\n<li><a href=\"http:\/\/www.cfccp.net\/index.php\/le-cartophile\/numero-1\/\">Le num\u00e9ro 1 de juin 1966<\/a><\/li>\n<li><a href=\"http:\/\/www.cfccp.net\/index.php\/le-cartophile\/numero-2\/\">Le num\u00e9ro 2 de septembre 1966<\/a><\/li>\n<li><a href=\"http:\/\/www.cfccp.net\/index.php\/le-cartophile\/numero-3\/\">Le num\u00e9ro 3 de d\u00e9cembre 1966<\/a><\/li>\n<li><a href=\"http:\/\/www.cfccp.net\/index.php\/le-cartophile\/numero-105\/\">Le mythique num\u00e9ro 105 du 1er trim. 1998<\/a><\/li>\n<\/ul>\n<p><a href=\"http:\/\/www.cfccp.net\/index.php\/espace-adherents\/\"><strong>Espace adh\u00e9rents<\/strong><\/a><\/p>\n<ul>\n<li><a href=\"http:\/\/www.cfccp.net\/index.php\/espace-adherents\/cotisation\/\">Cotisation \/ Mise \u00e0 jour<\/a>\n<ul>\n<li>Panier \u2014 Priv\u00e9, Page panier<\/li>\n<li>Validation de la commande \u2014 Priv\u00e9, Page Paiement<\/li>\n<\/ul>\n<\/li>\n<li><a href=\"http:\/\/www.cfccp.net\/index.php\/espace-adherents\/adhesion\/\">Adh\u00e9sion<\/a><\/li>\n<li><a href=\"http:\/\/www.cfccp.net\/index.php\/espace-adherents\/statuts\/\">Statuts et Missions<\/a><\/li>\n<li><a href=\"http:\/\/www.cfccp.net\/index.php\/espace-adherents\/gouvernance\/\">Gouvernance<\/a><\/li>\n<\/ul>\n<p><a href=\"http:\/\/www.cfccp.net\/index.php\/newsletter\/\"><strong>La Lettre du CFCCP<\/strong><\/a><\/p>\n<p><a href=\"http:\/\/www.cfccp.net\/index.php\/galeries\/\"><strong>Galeries<\/strong><\/a><\/p>\n<ul>\n<li><a href=\"http:\/\/www.cfccp.net\/index.php\/galeries\/histoire-cp\/\">Histoire de la Carte Postale<\/a><\/li>\n<li><a href=\"http:\/\/www.cfccp.net\/index.php\/galeries\/histoire-cp\/\">Galerie des adh\u00e9rents 1<\/a><\/li>\n<li><a href=\"http:\/\/www.cfccp.net\/index.php\/galeries\/galerie-2\/\">Galerie des adh\u00e9rents 2<\/a><\/li>\n<li><a href=\"http:\/\/www.cfccp.net\/index.php\/galeries\/coups-de-coeur\/\">Les coups de c\u0153ur des adh\u00e9rents<\/a><\/li>\n<li><a href=\"http:\/\/www.cfccp.net\/index.php\/galeries\/liens\/\">Liens cartophiles sur la Toile<\/a><\/li>\n<\/ul>\n<p><a href=\"http:\/\/www.cfccp.net\/index.php\/archives\/\"><strong>Archives<\/strong><\/a><\/p>\n<ul>\n<li><a href=\"http:\/\/www.cfccp.net\/index.php\/archives\/informations-avant-2016\/\">Informations avant 2016<\/a><\/li>\n<li><a href=\"http:\/\/www.cfccp.net\/index.php\/archives\/editoriaux-archives\/\">Editoriaux (archives 2018-2016)<\/a><\/li>\n<li><a href=\"http:\/\/www.cfccp.net\/index.php\/archives\/reunions-images\/\">Nos r\u00e9unions en images<\/a><\/li>\n<li><a href=\"http:\/\/www.cfccp.net\/index.php\/archives\/manifs-images\/\">Nos manifestations en images<\/a><\/li>\n<li><a href=\"http:\/\/www.cfccp.net\/index.php\/archives\/repas-images\/\">Nos repas associatifs en images<\/a><\/li>\n<li><a href=\"http:\/\/www.cfccp.net\/index.php\/archives\/le-cinquantenaire\/\">Le Cinquantenaire 2016<\/a><\/li>\n<li><a href=\"http:\/\/www.cfccp.net\/index.php\/archives\/le-quarantenaire\/\">Le Quarantenaire 2006<\/a><\/li>\n<li><a href=\"http:\/\/www.cfccp.net\/index.php\/archives\/confs-images\/\">Nos conf\u00e9rences en images<\/a><\/li>\n<li><a href=\"http:\/\/www.cfccp.net\/index.php\/archives\/histoire-cfccp\/\">Histoire virtuelle du CFCCP<\/a><\/li>\n<li><a href=\"http:\/\/www.cfccp.net\/index.php\/archives\/expos-images\/\">Nos expositions en images<\/a><\/li>\n<\/ul>\n<p><strong>Quizz<\/strong><\/p>\n<p>\u00a0<\/p>\n\n\n<p><\/p>\n","protected":false},"excerpt":{"rendered":"<p>Cette r\u00e9capitulation vous permet de juger d&rsquo;un coup d&rsquo;oeil l&rsquo;organisation du site. Toutes les pages publiques sont cliquables. Bienvenue sur&hellip;<\/p>\n","protected":false},"author":4,"featured_media":1249,"parent":7,"menu_order":5,"comment_status":"closed","ping_status":"closed","template":"","meta":[],"_links":{"self":[{"href":"https:\/\/www.cfccp.net\/index.php\/wp-json\/wp\/v2\/pages\/1533"}],"collection":[{"href":"https:\/\/www.cfccp.net\/index.php\/wp-json\/wp\/v2\/pages"}],"about":[{"href":"https:\/\/www.cfccp.net\/index.php\/wp-json\/wp\/v2\/types\/page"}],"author":[{"embeddable":true,"href":"https:\/\/www.cfccp.net\/index.php\/wp-json\/wp\/v2\/users\/4"}],"replies":[{"embeddable":true,"href":"https:\/\/www.cfccp.net\/index.php\/wp-json\/wp\/v2\/comments?post=1533"}],"version-history":[{"count":32,"href":"https:\/\/www.cfccp.net\/index.php\/wp-json\/wp\/v2\/pages\/1533\/revisions"}],"predecessor-version":[{"id":2205,"href":"https:\/\/www.cfccp.net\/index.php\/wp-json\/wp\/v2\/pages\/1533\/revisions\/2205"}],"up":[{"embeddable":true,"href":"https:\/\/www.cfccp.net\/index.php\/wp-json\/wp\/v2\/pages\/7"}],"wp:featuredmedia":[{"embeddable":true,"href":"https:\/\/www.cfccp.net\/index.php\/wp-json\/wp\/v2\/media\/1249"}],"wp:attachment":[{"href":"https:\/\/www.cfccp.net\/index.php\/wp-json\/wp\/v2\/media?parent=1533"}],"curies":[{"name":"wp","href":"https:\/\/api.w.org\/{rel}","templated":true}]}}