{"id":1284,"date":"2020-03-31T15:04:41","date_gmt":"2020-03-31T13:04:41","guid":{"rendered":"http:\/\/www.cfccp.net\/?page_id=1284"},"modified":"2020-04-01T01:21:28","modified_gmt":"2020-03-31T23:21:28","slug":"coups-de-coeur","status":"publish","type":"page","link":"https:\/\/www.cfccp.net\/index.php\/galeries\/coups-de-coeur\/","title":{"rendered":"Les coups de c\u0153ur des adh\u00e9rents"},"content":{"rendered":"\n<p><strong><a href=\"http:\/\/www.cfccp.net\/index.php\/galeries\/\"><em> RETOUR<\/em><\/a><\/strong><\/p>\n\n\n\n<p><strong>A la demande des membres du bureau, nous appelons tous nos adh\u00e9rents \u00e0 nous communiquer LA CARTE POSTALE qui dans leur collection est un v\u00e9ritable coup de c\u0153ur. Pour des informations compl\u00e9mentaires ou comment faire, vous pouvez \u00e9crire au r\u00e9dacteur du site en utilisant la messagerie&nbsp;cfccpnet@gmail.com&nbsp;ou contacter un membre du bureau.<\/strong><\/p>\n\n\n\n<p>Le premier contributeur, et actif promoteur de cette nouvelle s\u00e9rie, a \u00e9t\u00e9 notre Pr\u00e9sident Ronald MATTATIA qui en octobre 2014, nous a communiqu\u00e9 son texte pour une carte de l&rsquo;\u00e9diteur parisien G.C.A.<\/p>\n\n\n\n<h2>Les premiers textes re\u00e7us<\/h2>\n\n\n\n<table class=\"wp-block-table has-subtle-pale-pink-background-color has-background\"><tbody><tr><td><strong>Auteur<\/strong><\/td><td><strong>Sujet<\/strong><\/td><td><strong>Lien<\/strong><\/td><\/tr><tr><td> Ronald MATTATIA <\/td><td>Une carte G.C.A. (G.C.A. n\u00b0 897)<\/td><td><strong><a href=\"http:\/\/www.cfccp.com\/lescoupsdecoeur\/lescoupsdecoeurpdf\/1lescoupsdecoeurmattatia01.pdf\" target=\"_blank\" rel=\"noreferrer noopener\" aria-label=\"Carte (s\u2019ouvre dans un nouvel onglet)\">Carte<\/a><\/strong><\/td><\/tr><tr><td> Jean VEROT <\/td><td>Une carte ol\u00e9ronaise (\u00e9diteur Dupuy n\u00b0 445)<\/td><td><strong><a href=\"http:\/\/www.cfccp.com\/lescoupsdecoeur\/lescoupsdecoeurpdf\/2lescoupsdecoeurverot01.pdf\" target=\"_blank\" rel=\"noreferrer noopener\" aria-label=\"Carte (s\u2019ouvre dans un nouvel onglet)\">Carte<\/a><\/strong><\/td><\/tr><tr><td> Danielle LACROIX <\/td><td>Souvenirs d&rsquo;inconnus (cartes photos conscrits et fillettes)<\/td><td><strong><a href=\"http:\/\/www.cfccp.com\/lescoupsdecoeur\/lescoupsdecoeurpdf\/3lescoupsdecoeurlacroix01.pdf\" target=\"_blank\" rel=\"noreferrer noopener\" aria-label=\"Carte (s\u2019ouvre dans un nouvel onglet)\">Carte<\/a><\/strong><\/td><\/tr><tr><td> Jacques GUIEUX <\/td><td>Provins juin 1907 (carte photo)<\/td><td><strong><a href=\"http:\/\/www.cfccp.com\/lescoupsdecoeur\/lescoupsdecoeurpdf\/4lescoupsdecoeurguieuxjacques01.pdf\" target=\"_blank\" rel=\"noreferrer noopener\" aria-label=\"Carte (s\u2019ouvre dans un nouvel onglet)\">Carte<\/a><\/strong><\/td><\/tr><tr><td> Claudie GUIEUX <\/td><td>En Savoie, 1911 &#8230; (carte postale familiale)<\/td><td><strong><a href=\"http:\/\/www.cfccp.com\/lescoupsdecoeur\/lescoupsdecoeurpdf\/5lescoupsdecoeurguieuxclaudie01.pdf\" target=\"_blank\" rel=\"noreferrer noopener\" aria-label=\"Carte (s\u2019ouvre dans un nouvel onglet)\">Carte<\/a><\/strong><\/td><\/tr><tr><td> Cyril VERGNE <\/td><td> Dans le Cantal le barbier, &nbsp;un bistrot \u00e0 Paris <\/td><td><strong><a href=\"http:\/\/www.cfccp.com\/lescoupsdecoeur\/lescoupsdecoeurpdf\/6lescoupsdecoeurvergne01.pdf\" target=\"_blank\" rel=\"noreferrer noopener\" aria-label=\"Carte (s\u2019ouvre dans un nouvel onglet)\">Carte<\/a><\/strong><\/td><\/tr><tr><td>Fran\u00e7oise VALETTE<\/td><td> Une carte am\u00e9ricaine en alu (humour am\u00e9ricain)<\/td><td><strong><a href=\"http:\/\/www.cfccp.com\/lescoupsdecoeur\/lescoupsdecoeurpdf\/7lescoupsdecoeurvalette01.pdf\" target=\"_blank\" rel=\"noreferrer noopener\" aria-label=\"Carte (s\u2019ouvre dans un nouvel onglet)\">Carte<\/a><\/strong><\/td><\/tr><tr><td>Alain DEBARBOUILLE<\/td><td> Une boutique au 53 rue des &nbsp;Martyrs (int\u00e9ressante carte familiale)<\/td><td><strong><a href=\"http:\/\/www.cfccp.com\/lescoupsdecoeur\/lescoupsdecoeurpdf\/8lescoupsdecoeurdebarbouille01.pdf\" target=\"_blank\" rel=\"noreferrer noopener\" aria-label=\"Carte (s\u2019ouvre dans un nouvel onglet)\">Carte<\/a><\/strong><\/td><\/tr><\/tbody><\/table>\n\n\n\n<p>A l&rsquo;occasion du 50\u00e8me anniversaire du CFCCP, 50 adh\u00e9rents nous ont communiqu\u00e9 leurs coups de c\u0153ur. Remercions Danielle LACROIX qui a su convaincre nos adh\u00e9rents de participer \u00e0 cette initiative.<\/p>\n\n\n\n<h2>Les textes du 50\u00e8me anniversaire<\/h2>\n\n\n\n<table class=\"wp-block-table has-subtle-pale-pink-background-color has-background\"><tbody><tr><td><strong>N\u00b0<\/strong><\/td><td><strong>Auteur<\/strong><\/td><td><strong>Sujet<\/strong><\/td><td><strong>Lien<\/strong><\/td><\/tr><tr><td>1<\/td><td>Marith\u00e9 PIERDAIT-FILLIE<\/td><td>Dolce Vita<\/td><td><strong><a href=\"http:\/\/www.cfccp.com\/lescoupsdecoeur\/lescoupsdecoeurpdf\/10-01les50coupsdecoeurdeMPF.pdf\" target=\"_blank\" rel=\"noreferrer noopener\" aria-label=\"Carte (s\u2019ouvre dans un nouvel onglet)\">Carte<\/a><\/strong><\/td><\/tr><tr><td>2<\/td><td>Alain et Mich\u00e8le DEBARBOUILLE<\/td><td>Une sc\u00e8ne peu courante \u00e0 Berck-Plage<\/td><td><strong><a href=\"http:\/\/www.cfccp.com\/lescoupsdecoeur\/lescoupsdecoeurpdf\/10-02les50coupsdecoeurdeAetMD.pdf\" target=\"_blank\" rel=\"noreferrer noopener\" aria-label=\"Carte (s\u2019ouvre dans un nouvel onglet)\">Carte<\/a><\/strong> <\/td><\/tr><tr><td>3<\/td><td>Danielle LACROIX<\/td><td>Le personnel du Royal H\u00f4tel \u00e0 Evian-les Bains (Haute-Savoie)<\/td><td><strong><a href=\"http:\/\/www.cfccp.com\/lescoupsdecoeur\/lescoupsdecoeurpdf\/10-03les50coupsdecoeurdeDL.pdf\" target=\"_blank\" rel=\"noreferrer noopener\" aria-label=\"Carte (s\u2019ouvre dans un nouvel onglet)\">Carte<\/a><\/strong> <\/td><\/tr><tr><td>4<\/td><td>Ronald MATTATIA<\/td><td>Bl\u00e9riot &#8230; ma tr\u00e8s \u00ab\u00a0ch\u00e8re\u00a0\u00bb carte !<\/td><td><strong><a href=\"http:\/\/www.cfccp.com\/lescoupsdecoeur\/lescoupsdecoeurpdf\/10-04les50coupsdecoeurRM.pdf\" target=\"_blank\" rel=\"noreferrer noopener\" aria-label=\"Carte (s\u2019ouvre dans un nouvel onglet)\">Carte<\/a><\/strong> <strong> <\/strong><\/td><\/tr><tr><td>5<\/td><td>Denise et Marcel GUERIN<\/td><td>Promenade des Poulbots sur la place du Tertre, \u00e0 Montmartre<\/td><td><strong><a href=\"http:\/\/www.cfccp.com\/lescoupsdecoeur\/lescoupsdecoeurpdf\/10-05les50coupsdecoeurDetMG.pdf\" target=\"_blank\" rel=\"noreferrer noopener\" aria-label=\"Carte (s\u2019ouvre dans un nouvel onglet)\">Carte<\/a><\/strong> <\/td><\/tr><tr><td>6<\/td><td>Paul LE CACHEUX<\/td><td>L&rsquo;Horloge de Wailly \u00e0 Amiens<\/td><td><strong><a href=\"http:\/\/www.cfccp.com\/lescoupsdecoeur\/lescoupsdecoeurpdf\/10-06les50coupsdecoeurPLeC.pdf\" target=\"_blank\" rel=\"noreferrer noopener\" aria-label=\"Carte (s\u2019ouvre dans un nouvel onglet)\">Carte<\/a><\/strong>  <\/td><\/tr><tr><td>7<\/td><td>Lucette FABRE-MALPEALAT<\/td><td>Place de l&rsquo;Etape aux Vins \u00e0 Fontainebleau dans les ann\u00e9es 20<\/td><td><strong><a href=\"http:\/\/www.cfccp.com\/lescoupsdecoeur\/lescoupsdecoeurpdf\/10-07les50coupsdecoeurLFM.pdf\" target=\"_blank\" rel=\"noreferrer noopener\" aria-label=\"Carte (s\u2019ouvre dans un nouvel onglet)\">Carte<\/a><\/strong> <\/td><\/tr><tr><td>8<\/td><td>Jean LOIRET<\/td><td>Un bapt\u00eame de poup\u00e9es \u00e0 Clisson (Loire-Atlantique) en 1906<\/td><td><strong><a href=\"http:\/\/www.cfccp.com\/lescoupsdecoeur\/lescoupsdecoeurpdf\/10-08les50coupsdecoeurJL.pdf\" target=\"_blank\" rel=\"noreferrer noopener\" aria-label=\"Carte   (s\u2019ouvre dans un nouvel onglet)\">Carte<\/a><\/strong><a href=\"http:\/\/www.cfccp.com\/lescoupsdecoeur\/lescoupsdecoeurpdf\/10-08les50coupsdecoeurJL.pdf\" target=\"_blank\" rel=\"noreferrer noopener\" aria-label=\"Carte   (s\u2019ouvre dans un nouvel onglet)\">  <\/a><\/td><\/tr><tr><td>9<\/td><td>G\u00e9rard BOURGEON<\/td><td>Des mar\u00e9chaux-ferrants en plein travail \u00e0 Paris en 1908<\/td><td><strong><a href=\"http:\/\/www.cfccp.com\/lescoupsdecoeur\/lescoupsdecoeurpdf\/10-09les50coupsdecoeurGB.pdf\" target=\"_blank\" rel=\"noreferrer noopener\" aria-label=\"Carte (s\u2019ouvre dans un nouvel onglet)\">Carte<\/a><\/strong> <\/td><\/tr><tr><td>10<\/td><td>Gilbert AICHHORN<\/td><td>Au beau temps des colonies (de vacances)<\/td><td><strong><a href=\"http:\/\/www.cfccp.com\/lescoupsdecoeur\/lescoupsdecoeurpdf\/10-10les50coupsdecoeurGA.pdf\" target=\"_blank\" rel=\"noreferrer noopener\" aria-label=\"Carte (s\u2019ouvre dans un nouvel onglet)\">Carte<\/a><\/strong><\/td><\/tr><tr><td>11<\/td><td>Claudie GUIEUX<\/td><td>Sardini\u00e8res au travail<\/td><td><strong><a href=\"http:\/\/www.cfccp.com\/lescoupsdecoeur\/lescoupsdecoeurpdf\/10-11les50coupsdecoeurCG.pdf\" target=\"_blank\" rel=\"noreferrer noopener\" aria-label=\"Carte (s\u2019ouvre dans un nouvel onglet)\">Carte<\/a><\/strong> <\/td><\/tr><tr><td>12<\/td><td>Jean-Pierre BOURGERON<\/td><td>La femme-fleur<\/td><td><strong><a href=\"http:\/\/www.cfccp.com\/lescoupsdecoeur\/lescoupsdecoeurpdf\/10-12les50coupsdecoeurJPB.pdf\" target=\"_blank\" rel=\"noreferrer noopener\" aria-label=\"Carte (s\u2019ouvre dans un nouvel onglet)\">Carte<\/a><\/strong> <\/td><\/tr><tr><td>13<\/td><td>Jeannine CHRISTOPHE<\/td><td>En voiture messieurs, mesdames !<\/td><td><strong><a href=\"http:\/\/www.cfccp.com\/lescoupsdecoeur\/lescoupsdecoeurpdf\/10-13les50coupsdecoeurJC.pdf\" target=\"_blank\" rel=\"noreferrer noopener\" aria-label=\"Carte (s\u2019ouvre dans un nouvel onglet)\">Carte<\/a><\/strong><\/td><\/tr><tr><td>14<\/td><td>Jean-Bernard KAZMIERCZAK<\/td><td>La jolie golfeuse de Cannes<\/td><td><strong>Carte<\/strong><\/td><\/tr><tr><td>15<\/td><td>Genevi\u00e8ve ORHAN<\/td><td>Broderies et dentelles d&rsquo;autrefois<\/td><td><strong>Carte<\/strong><\/td><\/tr><tr><td>16<\/td><td>Fran\u00e7oise VALETTE<\/td><td>Une fabuleuse \u00ab\u00a0carte-enveloppe\u00a0\u00bb !<\/td><td><strong>Carte<\/strong><\/td><\/tr><tr><td>17<\/td><td>Fabrice DI GRACIA<\/td><td>Travail forc\u00e9 des femmes pendant la guerre 14-18<\/td><td><strong>Carte<\/strong><\/td><\/tr><tr><td>18<\/td><td>Betty MATTATIA<\/td><td>A la recherche des grands chapeaux<\/td><td><strong>Carte<\/strong><\/td><\/tr><tr><td>19<\/td><td>Michel DEGRAVE<\/td><td>Lavelanet, petite commune de l&rsquo;Ari\u00e8ge<\/td><td><strong>Carte<\/strong><\/td><\/tr><tr><td>20<\/td><td>Serge ZEYONS<\/td><td>Mon cousin Maurice &#8230;<\/td><td><strong>Carte<\/strong><\/td><\/tr><tr><td>21<\/td><td>Pierre FOUILLET<\/td><td>La preuve tant attendue !<\/td><td><strong>Carte<\/strong><\/td><\/tr><tr><td>22<\/td><td>Edouard GRECIAS<\/td><td>Une charmante grisette<\/td><td><strong>Carte<\/strong><\/td><\/tr><tr><td>23<\/td><td>Claude ROMANN<\/td><td>Princesse Marie, le cygne blanc<\/td><td><strong>Carte<\/strong><\/td><\/tr><tr><td>24<\/td><td>Luc MONTERET<\/td><td>Les \u00ab\u00a0d\u00e9buts\u00a0\u00bb de l&rsquo;aviation malgache<\/td><td><strong>Carte<\/strong><\/td><\/tr><tr><td>25<\/td><td>Jacques GUIEUX<\/td><td>Le petit collectionneur \u00ab\u00a0lunaire\u00a0\u00bb d&rsquo;Air France<\/td><td><strong>Carte<\/strong><\/td><\/tr><tr><td>26<\/td><td>Daniel LEGROS<\/td><td>Quand Faber partait sur les chemins \u00e0 bicyclette &#8230;<\/td><td><strong>Carte<\/strong><\/td><\/tr><tr><td>27<\/td><td>Jean PUPAT<\/td><td>Cherchez Guillaume &#8230; ou &#8230;<\/td><td><strong>Carte<\/strong><\/td><\/tr><tr><td>28<\/td><td>Michel TOULET<\/td><td>Le Clairon d&rsquo;Argeliers<\/td><td><strong>Carte<\/strong><\/td><\/tr><tr><td>29<\/td><td>Roger SANTISTEBE<\/td><td>Une toile pour le prix d&rsquo;une carte !<\/td><td><strong>Carte<\/strong><\/td><\/tr><tr><td>30<\/td><td>Jean-Pierre SANTARSIERO<\/td><td>Une des meilleures adresses italiennes de Paris !<\/td><td><strong>Carte<\/strong><\/td><\/tr><tr><td>31<\/td><td>Bernard NANTY<\/td><td>Les aventures de Cl\u00e9mentine !<\/td><td><strong>Carte<\/strong><\/td><\/tr><tr><td>32<\/td><td>Fran\u00e7oise PETINIOT<\/td><td>Une \u00e9cole maternelle au temps du Familist\u00e8re de Guise<\/td><td><strong>Carte<\/strong><\/td><\/tr><tr><td>33<\/td><td>Jean-Yves MAZZETTI<\/td><td>Tel ma\u00eetre, tel chien &#8230;<\/td><td><strong>Carte<\/strong><\/td><\/tr><tr><td>34<\/td><td>Marie-Fran\u00e7oise LOIRET<\/td><td>La fid\u00e9lit\u00e9 d&rsquo;un chien en 1914<\/td><td><strong>Carte<\/strong><\/td><\/tr><tr><td>35<\/td><td>Marthe et Alain MAILLARD<\/td><td>Bellacoscia, bandit corse retrait\u00e9 du Gouvernement<\/td><td><strong>Carte<\/strong><\/td><\/tr><tr><td>36<\/td><td>Roland BERTHELOT<\/td><td>Une m\u00e9decine naturelle &#8230; Une pub des ann\u00e9es 50<\/td><td><strong>Carte<\/strong><\/td><\/tr><tr><td>37<\/td><td>Henri THORE<\/td><td>Quand \u00ab\u00a0Le Cartophile\u00a0\u00bb cite Plutarque !<\/td><td><strong>Carte<\/strong><\/td><\/tr><tr><td>38<\/td><td>Andr\u00e9 LHOMME<\/td><td>Un c\u00e9nacle russe du d\u00e9but du XX\u00e8me si\u00e8cle<\/td><td><strong>Carte<\/strong><\/td><\/tr><tr><td>39<\/td><td>Marc-Henri LOUVEL<\/td><td>Un abb\u00e9 esth\u00e8te !<\/td><td><strong>Carte<\/strong><\/td><\/tr><tr><td>40<\/td><td>H\u00e9l\u00e8ne GUILLON<\/td><td>Sc\u00e8ne d&rsquo;hiver \u00e0 Montmartre<\/td><td><strong>Carte<\/strong><\/td><\/tr><tr><td>41<\/td><td>Claude et Eliane FRICOT<\/td><td>Un petit coin de l&rsquo;Oise<\/td><td><strong>Carte<\/strong><\/td><\/tr><tr><td>42<\/td><td>Charles RAYNAUD<\/td><td>1919: un grand-oncle aux f\u00eates de la Victoire<\/td><td><strong><a href=\"http:\/\/www.cfccp.com\/lescoupsdecoeur\/lescoupsdecoeurpdf\/10-42les50coupsdecoeurCR.pdf\" target=\"_blank\" rel=\"noreferrer noopener\" aria-label=\"Carte (s\u2019ouvre dans un nouvel onglet)\">Carte<\/a><\/strong><\/td><\/tr><tr><td>43<\/td><td>James REDON<\/td><td>Le hameau de mon p\u00e8re<\/td><td><strong>Carte<\/strong><\/td><\/tr><tr><td>44<\/td><td>Nicole BOUCOIRAN<\/td><td>Mon grand-p\u00e8re d&rsquo;avant-guerre<\/td><td><strong>Carte<\/strong><\/td><\/tr><tr><td>45<\/td><td>Association des Cartophiles de Monaco<\/td><td>Le Palais princier de Monaco sur son rocher<\/td><td><strong>Carte<\/strong><\/td><\/tr><tr><td>46<\/td><td>Jean-Pierre DUGUERET<\/td><td>C&rsquo;est un p&rsquo;tit cordonnier, qu&rsquo;a eu la pr\u00e9f\u00e9rence, lonla &#8230;<\/td><td><strong>Carte<\/strong><\/td><\/tr><tr><td>47<\/td><td>Patrick HAMM<\/td><td>Tours d&rsquo;adresse d&rsquo;un ours en Alsace<\/td><td><strong>Carte<\/strong><\/td><\/tr><tr><td>48<\/td><td>Herv\u00e9 BRESSY<\/td><td>La carte postale, une affaire de famille !<\/td><td><strong>Carte<\/strong><\/td><\/tr><tr><td>49<\/td><td>L\u00e9onard PITT<\/td><td>Entre compagnons de travail<\/td><td><strong>Carte<\/strong><\/td><\/tr><tr><td>50<\/td><td>Roger GILBERT<\/td><td>Quand le hasard s&rsquo;en m\u00eale !<\/td><td><strong>Carte<\/strong><\/td><\/tr><\/tbody><\/table>\n\n\n\n<h2>Suite des 50 textes<\/h2>\n\n\n\n<table class=\"wp-block-table has-subtle-pale-pink-background-color has-background\"><tbody><tr><td><strong>N\u00b0<\/strong><\/td><td><strong>Auteur<\/strong><\/td><td><strong>Sujet<\/strong><\/td><td><strong>Lien<\/strong><\/td><\/tr><tr><td>51<\/td><td>Bruno MATTHYS<\/td><td>Une t\u00eate \u00e0 porter le chapeau<\/td><td><strong><a href=\"http:\/\/www.cfccp.com\/lescoupsdecoeur\/lescoupsdecoeurpdf\/11lescoupsdecoeurmatthys01.pdf\" target=\"_blank\" rel=\"noreferrer noopener\" aria-label=\"Carte (s\u2019ouvre dans un nouvel onglet)\">Carte<\/a><\/strong><\/td><\/tr><tr><td>52<\/td><td>Jean-Paul NOURY<\/td><td>Le coiffeur en plein air<\/td><td><strong><a href=\"http:\/\/www.cfccp.com\/lescoupsdecoeur\/lescoupsdecoeurpdf\/12lescoupsdecoeurnoury01.pdf\" target=\"_blank\" rel=\"noreferrer noopener\" aria-label=\"Carte (s\u2019ouvre dans un nouvel onglet)\">Carte<\/a><\/strong><\/td><\/tr><tr><td>53<\/td><td>Alain BAUDENS<\/td><td>Motrice n\u00b021 \u00e0 essieux de la Cie fran\u00e7aise Thomson-Houston<\/td><td><strong><a href=\"http:\/\/www.cfccp.com\/lescoupsdecoeur\/lescoupsdecoeurpdf\/13lescoupsdecoeubaudens01.pdf\" target=\"_blank\" rel=\"noreferrer noopener\" aria-label=\"Carte (s\u2019ouvre dans un nouvel onglet)\">Carte<\/a><\/strong><\/td><\/tr><tr><td>54<\/td><td>Jean-Pierre GAMAIN<\/td><td>En souvenir des g\u00e2teaux de notre enfance<\/td><td><strong><a href=\"http:\/\/www.cfccp.com\/lescoupsdecoeur\/lescoupsdecoeurpdf\/14lescoupsdecoeugamain01.pdf\" target=\"_blank\" rel=\"noreferrer noopener\" aria-label=\"Carte (s\u2019ouvre dans un nouvel onglet)\">Carte<\/a><\/strong><\/td><\/tr><\/tbody><\/table>\n\n\n\n<p><em><strong>A vous de compl\u00e9ter cette liste !<\/strong><\/em><\/p>\n","protected":false},"excerpt":{"rendered":"<p>RETOUR A la demande des membres du bureau, nous appelons tous nos adh\u00e9rents \u00e0 nous communiquer LA CARTE POSTALE qui&hellip;<\/p>\n","protected":false},"author":4,"featured_media":342,"parent":11,"menu_order":4,"comment_status":"closed","ping_status":"closed","template":"","meta":[],"_links":{"self":[{"href":"https:\/\/www.cfccp.net\/index.php\/wp-json\/wp\/v2\/pages\/1284"}],"collection":[{"href":"https:\/\/www.cfccp.net\/index.php\/wp-json\/wp\/v2\/pages"}],"about":[{"href":"https:\/\/www.cfccp.net\/index.php\/wp-json\/wp\/v2\/types\/page"}],"author":[{"embeddable":true,"href":"https:\/\/www.cfccp.net\/index.php\/wp-json\/wp\/v2\/users\/4"}],"replies":[{"embeddable":true,"href":"https:\/\/www.cfccp.net\/index.php\/wp-json\/wp\/v2\/comments?post=1284"}],"version-history":[{"count":29,"href":"https:\/\/www.cfccp.net\/index.php\/wp-json\/wp\/v2\/pages\/1284\/revisions"}],"predecessor-version":[{"id":1331,"href":"https:\/\/www.cfccp.net\/index.php\/wp-json\/wp\/v2\/pages\/1284\/revisions\/1331"}],"up":[{"embeddable":true,"href":"https:\/\/www.cfccp.net\/index.php\/wp-json\/wp\/v2\/pages\/11"}],"wp:featuredmedia":[{"embeddable":true,"href":"https:\/\/www.cfccp.net\/index.php\/wp-json\/wp\/v2\/media\/342"}],"wp:attachment":[{"href":"https:\/\/www.cfccp.net\/index.php\/wp-json\/wp\/v2\/media?parent=1284"}],"curies":[{"name":"wp","href":"https:\/\/api.w.org\/{rel}","templated":true}]}}